{"id":22987,"date":"2020-03-08T18:09:06","date_gmt":"2020-03-08T17:09:06","guid":{"rendered":"http:\/\/www.dvo45.fr\/?page_id=22987"},"modified":"2025-07-19T15:59:36","modified_gmt":"2025-07-19T15:59:36","slug":"louange-adoration","status":"publish","type":"page","link":"https:\/\/www.dvo45.fr\/index.php\/prier-et-celebrer\/louange-adoration\/","title":{"rendered":"Louange et adoration"},"content":{"rendered":"\n<h4 class=\"wp-block-heading\"><strong>Pri\u00e8re des mamans<\/strong><\/h4>\n\n\n\n<p>Pri\u00e8re des m\u00e8res tous les <strong>vendredis \u00e0 9h30 <\/strong>au presbyt\u00e8re de Meung-sur-Loire et tous les lundis \u00e0 15h30 \u00e0 la sacristie de l&rsquo;\u00e9glise de Baccon<\/p>\n\n\n\n<hr class=\"wp-block-separator has-css-opacity is-style-dots\"\/>\n\n\n\n<h4 class=\"wp-block-heading\"><strong>Rosaire<\/strong><\/h4>\n\n\n\n<figure class=\"wp-block-image aligncenter size-large\"><img loading=\"lazy\" decoding=\"async\" width=\"400\" height=\"225\" src=\"https:\/\/www.dvo45.fr\/wp-content\/uploads\/2021\/02\/admin-ajax.png\" alt=\"\" class=\"wp-image-25653\" srcset=\"https:\/\/www.dvo45.fr\/wp-content\/uploads\/2021\/02\/admin-ajax.png 400w, https:\/\/www.dvo45.fr\/wp-content\/uploads\/2021\/02\/admin-ajax-300x169.png 300w\" sizes=\"auto, (max-width: 400px) 100vw, 400px\" \/><\/figure>\n\n\n\n<p>Une Equipe du Rosaire est un petit groupe de personnes qui se retrouvent en deux temps de pri\u00e8re, pour vivre l&rsquo;\u00e9vangile avec Marie \u202f:<\/p>\n\n\n\n<p> \u2022 <strong>chaque mois<\/strong>\u202f: la pri\u00e8re ensemble \u201c\u00e0 la maison\u201d, chez l\u2019un ou l\u2019autre des membres de l\u2019\u00e9quipe, pour m\u00e9diter la Parole de Dieu en s\u2019appuyant sur le feuillet mensuel <em><strong>\u201cLe Rosaire en Equipe\u201d<\/strong><\/em>.<br> \u2022 <strong>chaque jour<\/strong>\u202f: la pri\u00e8re personnelle, m\u00e9ditation d\u2019un myst\u00e8re de la vie de J\u00e9sus-Christ en lien avec les autres membres des \u00e9quipes, gr\u00e2ce au <em><strong>\u201cLivret de Pri\u00e8re Quotidienne\u201d<\/strong><\/em>.<\/p>\n\n\n\n<p>C&rsquo;est aussi la possibilit\u00e9 d\u2019inviter amicalement des voisins, m\u00eame s\u2019ils n\u2019appartiennent pas \u00e0 l\u2019\u00e9quipe, et mettre plus \u00e0 l\u2019aise \u201cceux qui n\u2019ont pas l\u2019habitude d\u2019aller \u00e0 l\u2019\u00e9glise\u201d.<\/p>\n\n\n\n<p><strong>Qui contacter ? <\/strong><\/p>\n\n\n\n<p>Christophe D&rsquo;Orennelas : 06.18.45.64.12&nbsp;&nbsp;&nbsp;&nbsp;&nbsp;&nbsp;&nbsp;&nbsp;<\/p>\n\n\n\n<h3 class=\"wp-block-heading\">Il est aussi possible de prier le Rosaire \u00e0 St Dominique, Beaugency<\/h3>\n\n\n\n<p style=\"font-size:22px\"><strong><span class=\"has-inline-color has-luminous-vivid-amber-color\">Tous les 1er samedis de chaque mois<\/span><\/strong><\/p>\n\n\n\n<p class=\"has-medium-font-size\">Eglise St Dominique Beaugency <\/p>\n\n\n\n<figure class=\"wp-block-image aligncenter size-large is-resized is-style-default\"><img loading=\"lazy\" decoding=\"async\" width=\"1024\" height=\"576\" src=\"https:\/\/www.dvo45.fr\/wp-content\/uploads\/2020\/11\/rosaire-1-1024x576-1.jpg\" alt=\"\" class=\"wp-image-25244\" style=\"width:673px;height:378px\" srcset=\"https:\/\/www.dvo45.fr\/wp-content\/uploads\/2020\/11\/rosaire-1-1024x576-1.jpg 1024w, https:\/\/www.dvo45.fr\/wp-content\/uploads\/2020\/11\/rosaire-1-1024x576-1-300x169.jpg 300w, https:\/\/www.dvo45.fr\/wp-content\/uploads\/2020\/11\/rosaire-1-1024x576-1-768x432.jpg 768w\" sizes=\"auto, (max-width: 1024px) 100vw, 1024px\" \/><\/figure>\n\n\n\n<h2 class=\"wp-block-heading\">Pri\u00e8re du chapelet<\/h2>\n\n\n\n<p>Pour prier le chapelet dans le groupement : <\/p>\n\n\n\n<p>Lailly en val 2 mercredi par mois \u00e0 14h,<\/p>\n\n\n\n<p>Tavers 2 mercredi par mois \u00e0 17h<\/p>\n\n\n\n<figure class=\"wp-block-image\"><img decoding=\"async\" src=\"https:\/\/www.dvo45.fr\/wp-content\/uploads\/2020\/03\/reciter-chapelet.png\" alt=\"L\u2019attribut alt de cette image est vide, son nom de fichier est reciter-chapelet.png.\"\/><\/figure>\n\n\n\n<h2 class=\"wp-block-heading\"><\/h2>\n\n\n\n<p><\/p>\n","protected":false},"excerpt":{"rendered":"<p>Pri\u00e8re des mamans Pri\u00e8re des m\u00e8res tous les vendredis \u00e0 9h30 au presbyt\u00e8re de Meung-sur-Loire et tous les lundis \u00e0 15h30 \u00e0 la sacristie de l&rsquo;\u00e9glise de Baccon Rosaire Une Equipe du Rosaire est un petit groupe de personnes qui<\/p>\n","protected":false},"author":1,"featured_media":0,"parent":93,"menu_order":0,"comment_status":"closed","ping_status":"closed","template":"","meta":{"footnotes":""},"class_list":["post-22987","page","type-page","status-publish","hentry"],"yoast_head":"<!-- This site is optimized with the Yoast SEO plugin v27.3 - https:\/\/yoast.com\/product\/yoast-seo-wordpress\/ -->\n<title>Louange et adoration - Pri\u00e8res des mamans<\/title>\n<meta name=\"description\" content=\"groupement paroissial de Beaugency - Meung sur Loire et ses 11 clochers autours du P\u00e8re Nougayr\u00e8de, du P\u00e8re Rousseau, du P\u00e8re Ernst et Raveton\" \/>\n<meta name=\"robots\" content=\"index, follow, max-snippet:-1, max-image-preview:large, max-video-preview:-1\" \/>\n<link rel=\"canonical\" href=\"https:\/\/www.dvo45.fr\/index.php\/prier-et-celebrer\/louange-adoration\/\" \/>\n<meta property=\"og:locale\" content=\"fr_FR\" \/>\n<meta property=\"og:type\" content=\"article\" \/>\n<meta property=\"og:title\" content=\"Louange et adoration - Pri\u00e8res des mamans\" \/>\n<meta property=\"og:description\" content=\"groupement paroissial de Beaugency - Meung sur Loire et ses 11 clochers autours du P\u00e8re Nougayr\u00e8de, du P\u00e8re Rousseau, du P\u00e8re Ernst et Raveton\" \/>\n<meta property=\"og:url\" content=\"https:\/\/www.dvo45.fr\/index.php\/prier-et-celebrer\/louange-adoration\/\" \/>\n<meta property=\"article:publisher\" content=\"https:\/\/www.facebook.com\/Le-groupe-paroissial-de-Beaugency-Meung-sur-loire-135382090421585\" \/>\n<meta property=\"article:modified_time\" content=\"2025-07-19T15:59:36+00:00\" \/>\n<meta property=\"og:image\" content=\"https:\/\/www.dvo45.fr\/wp-content\/uploads\/2021\/02\/admin-ajax.png\" \/>\n\t<meta property=\"og:image:width\" content=\"400\" \/>\n\t<meta property=\"og:image:height\" content=\"225\" \/>\n\t<meta property=\"og:image:type\" content=\"image\/png\" \/>\n<meta name=\"twitter:card\" content=\"summary_large_image\" \/>\n<meta name=\"twitter:label1\" content=\"Dur\u00e9e de lecture estim\u00e9e\" \/>\n\t<meta name=\"twitter:data1\" content=\"2 minutes\" \/>\n<script type=\"application\/ld+json\" class=\"yoast-schema-graph\">{\"@context\":\"https:\\\/\\\/schema.org\",\"@graph\":[{\"@type\":\"WebPage\",\"@id\":\"https:\\\/\\\/www.dvo45.fr\\\/index.php\\\/prier-et-celebrer\\\/louange-adoration\\\/\",\"url\":\"https:\\\/\\\/www.dvo45.fr\\\/index.php\\\/prier-et-celebrer\\\/louange-adoration\\\/\",\"name\":\"Louange et adoration - Pri\u00e8res des mamans\",\"isPartOf\":{\"@id\":\"https:\\\/\\\/www.dvo45.fr\\\/#website\"},\"primaryImageOfPage\":{\"@id\":\"https:\\\/\\\/www.dvo45.fr\\\/index.php\\\/prier-et-celebrer\\\/louange-adoration\\\/#primaryimage\"},\"image\":{\"@id\":\"https:\\\/\\\/www.dvo45.fr\\\/index.php\\\/prier-et-celebrer\\\/louange-adoration\\\/#primaryimage\"},\"thumbnailUrl\":\"https:\\\/\\\/www.dvo45.fr\\\/wp-content\\\/uploads\\\/2021\\\/02\\\/admin-ajax.png\",\"datePublished\":\"2020-03-08T17:09:06+00:00\",\"dateModified\":\"2025-07-19T15:59:36+00:00\",\"description\":\"groupement paroissial de Beaugency - Meung sur Loire et ses 11 clochers autours du P\u00e8re Nougayr\u00e8de, du P\u00e8re Rousseau, du P\u00e8re Ernst et Raveton\",\"breadcrumb\":{\"@id\":\"https:\\\/\\\/www.dvo45.fr\\\/index.php\\\/prier-et-celebrer\\\/louange-adoration\\\/#breadcrumb\"},\"inLanguage\":\"fr-FR\",\"potentialAction\":[{\"@type\":\"ReadAction\",\"target\":[\"https:\\\/\\\/www.dvo45.fr\\\/index.php\\\/prier-et-celebrer\\\/louange-adoration\\\/\"]}]},{\"@type\":\"ImageObject\",\"inLanguage\":\"fr-FR\",\"@id\":\"https:\\\/\\\/www.dvo45.fr\\\/index.php\\\/prier-et-celebrer\\\/louange-adoration\\\/#primaryimage\",\"url\":\"https:\\\/\\\/www.dvo45.fr\\\/wp-content\\\/uploads\\\/2021\\\/02\\\/admin-ajax.png\",\"contentUrl\":\"https:\\\/\\\/www.dvo45.fr\\\/wp-content\\\/uploads\\\/2021\\\/02\\\/admin-ajax.png\",\"width\":400,\"height\":225},{\"@type\":\"BreadcrumbList\",\"@id\":\"https:\\\/\\\/www.dvo45.fr\\\/index.php\\\/prier-et-celebrer\\\/louange-adoration\\\/#breadcrumb\",\"itemListElement\":[{\"@type\":\"ListItem\",\"position\":1,\"name\":\"Accueil\",\"item\":\"https:\\\/\\\/www.dvo45.fr\\\/\"},{\"@type\":\"ListItem\",\"position\":2,\"name\":\"PRIER ET CELEBRER\",\"item\":\"https:\\\/\\\/www.dvo45.fr\\\/index.php\\\/prier-et-celebrer\\\/\"},{\"@type\":\"ListItem\",\"position\":3,\"name\":\"Louange et adoration\"}]},{\"@type\":\"WebSite\",\"@id\":\"https:\\\/\\\/www.dvo45.fr\\\/#website\",\"url\":\"https:\\\/\\\/www.dvo45.fr\\\/\",\"name\":\"\",\"description\":\"Contactez nous au : 02-38-45-28-93\",\"publisher\":{\"@id\":\"https:\\\/\\\/www.dvo45.fr\\\/#organization\"},\"potentialAction\":[{\"@type\":\"SearchAction\",\"target\":{\"@type\":\"EntryPoint\",\"urlTemplate\":\"https:\\\/\\\/www.dvo45.fr\\\/?s={search_term_string}\"},\"query-input\":{\"@type\":\"PropertyValueSpecification\",\"valueRequired\":true,\"valueName\":\"search_term_string\"}}],\"inLanguage\":\"fr-FR\"},{\"@type\":\"Organization\",\"@id\":\"https:\\\/\\\/www.dvo45.fr\\\/#organization\",\"name\":\"Groupement Paroissial de Beaugency-Meung\\\/Loire\",\"url\":\"https:\\\/\\\/www.dvo45.fr\\\/\",\"logo\":{\"@type\":\"ImageObject\",\"inLanguage\":\"fr-FR\",\"@id\":\"https:\\\/\\\/www.dvo45.fr\\\/#\\\/schema\\\/logo\\\/image\\\/\",\"url\":\"https:\\\/\\\/www.dvo45.fr\\\/wp-content\\\/uploads\\\/2020\\\/11\\\/GROUPEMENT-PAROISSIAL-logo360x360.jpg\",\"contentUrl\":\"https:\\\/\\\/www.dvo45.fr\\\/wp-content\\\/uploads\\\/2020\\\/11\\\/GROUPEMENT-PAROISSIAL-logo360x360.jpg\",\"width\":360,\"height\":360,\"caption\":\"Groupement Paroissial de Beaugency-Meung\\\/Loire\"},\"image\":{\"@id\":\"https:\\\/\\\/www.dvo45.fr\\\/#\\\/schema\\\/logo\\\/image\\\/\"},\"sameAs\":[\"https:\\\/\\\/www.facebook.com\\\/Le-groupe-paroissial-de-Beaugency-Meung-sur-loire-135382090421585\",\"https:\\\/\\\/www.youtube.com\\\/channel\\\/UCQuQV3-lctEa6-fnRMjXZeQ\"]}]}<\/script>\n<!-- \/ Yoast SEO plugin. -->","yoast_head_json":{"title":"Louange et adoration - Pri\u00e8res des mamans","description":"groupement paroissial de Beaugency - Meung sur Loire et ses 11 clochers autours du P\u00e8re Nougayr\u00e8de, du P\u00e8re Rousseau, du P\u00e8re Ernst et Raveton","robots":{"index":"index","follow":"follow","max-snippet":"max-snippet:-1","max-image-preview":"max-image-preview:large","max-video-preview":"max-video-preview:-1"},"canonical":"https:\/\/www.dvo45.fr\/index.php\/prier-et-celebrer\/louange-adoration\/","og_locale":"fr_FR","og_type":"article","og_title":"Louange et adoration - Pri\u00e8res des mamans","og_description":"groupement paroissial de Beaugency - Meung sur Loire et ses 11 clochers autours du P\u00e8re Nougayr\u00e8de, du P\u00e8re Rousseau, du P\u00e8re Ernst et Raveton","og_url":"https:\/\/www.dvo45.fr\/index.php\/prier-et-celebrer\/louange-adoration\/","article_publisher":"https:\/\/www.facebook.com\/Le-groupe-paroissial-de-Beaugency-Meung-sur-loire-135382090421585","article_modified_time":"2025-07-19T15:59:36+00:00","og_image":[{"width":400,"height":225,"url":"https:\/\/www.dvo45.fr\/wp-content\/uploads\/2021\/02\/admin-ajax.png","type":"image\/png"}],"twitter_card":"summary_large_image","twitter_misc":{"Dur\u00e9e de lecture estim\u00e9e":"2 minutes"},"schema":{"@context":"https:\/\/schema.org","@graph":[{"@type":"WebPage","@id":"https:\/\/www.dvo45.fr\/index.php\/prier-et-celebrer\/louange-adoration\/","url":"https:\/\/www.dvo45.fr\/index.php\/prier-et-celebrer\/louange-adoration\/","name":"Louange et adoration - Pri\u00e8res des mamans","isPartOf":{"@id":"https:\/\/www.dvo45.fr\/#website"},"primaryImageOfPage":{"@id":"https:\/\/www.dvo45.fr\/index.php\/prier-et-celebrer\/louange-adoration\/#primaryimage"},"image":{"@id":"https:\/\/www.dvo45.fr\/index.php\/prier-et-celebrer\/louange-adoration\/#primaryimage"},"thumbnailUrl":"https:\/\/www.dvo45.fr\/wp-content\/uploads\/2021\/02\/admin-ajax.png","datePublished":"2020-03-08T17:09:06+00:00","dateModified":"2025-07-19T15:59:36+00:00","description":"groupement paroissial de Beaugency - Meung sur Loire et ses 11 clochers autours du P\u00e8re Nougayr\u00e8de, du P\u00e8re Rousseau, du P\u00e8re Ernst et Raveton","breadcrumb":{"@id":"https:\/\/www.dvo45.fr\/index.php\/prier-et-celebrer\/louange-adoration\/#breadcrumb"},"inLanguage":"fr-FR","potentialAction":[{"@type":"ReadAction","target":["https:\/\/www.dvo45.fr\/index.php\/prier-et-celebrer\/louange-adoration\/"]}]},{"@type":"ImageObject","inLanguage":"fr-FR","@id":"https:\/\/www.dvo45.fr\/index.php\/prier-et-celebrer\/louange-adoration\/#primaryimage","url":"https:\/\/www.dvo45.fr\/wp-content\/uploads\/2021\/02\/admin-ajax.png","contentUrl":"https:\/\/www.dvo45.fr\/wp-content\/uploads\/2021\/02\/admin-ajax.png","width":400,"height":225},{"@type":"BreadcrumbList","@id":"https:\/\/www.dvo45.fr\/index.php\/prier-et-celebrer\/louange-adoration\/#breadcrumb","itemListElement":[{"@type":"ListItem","position":1,"name":"Accueil","item":"https:\/\/www.dvo45.fr\/"},{"@type":"ListItem","position":2,"name":"PRIER ET CELEBRER","item":"https:\/\/www.dvo45.fr\/index.php\/prier-et-celebrer\/"},{"@type":"ListItem","position":3,"name":"Louange et adoration"}]},{"@type":"WebSite","@id":"https:\/\/www.dvo45.fr\/#website","url":"https:\/\/www.dvo45.fr\/","name":"","description":"Contactez nous au : 02-38-45-28-93","publisher":{"@id":"https:\/\/www.dvo45.fr\/#organization"},"potentialAction":[{"@type":"SearchAction","target":{"@type":"EntryPoint","urlTemplate":"https:\/\/www.dvo45.fr\/?s={search_term_string}"},"query-input":{"@type":"PropertyValueSpecification","valueRequired":true,"valueName":"search_term_string"}}],"inLanguage":"fr-FR"},{"@type":"Organization","@id":"https:\/\/www.dvo45.fr\/#organization","name":"Groupement Paroissial de Beaugency-Meung\/Loire","url":"https:\/\/www.dvo45.fr\/","logo":{"@type":"ImageObject","inLanguage":"fr-FR","@id":"https:\/\/www.dvo45.fr\/#\/schema\/logo\/image\/","url":"https:\/\/www.dvo45.fr\/wp-content\/uploads\/2020\/11\/GROUPEMENT-PAROISSIAL-logo360x360.jpg","contentUrl":"https:\/\/www.dvo45.fr\/wp-content\/uploads\/2020\/11\/GROUPEMENT-PAROISSIAL-logo360x360.jpg","width":360,"height":360,"caption":"Groupement Paroissial de Beaugency-Meung\/Loire"},"image":{"@id":"https:\/\/www.dvo45.fr\/#\/schema\/logo\/image\/"},"sameAs":["https:\/\/www.facebook.com\/Le-groupe-paroissial-de-Beaugency-Meung-sur-loire-135382090421585","https:\/\/www.youtube.com\/channel\/UCQuQV3-lctEa6-fnRMjXZeQ"]}]}},"_links":{"self":[{"href":"https:\/\/www.dvo45.fr\/index.php\/wp-json\/wp\/v2\/pages\/22987","targetHints":{"allow":["GET"]}}],"collection":[{"href":"https:\/\/www.dvo45.fr\/index.php\/wp-json\/wp\/v2\/pages"}],"about":[{"href":"https:\/\/www.dvo45.fr\/index.php\/wp-json\/wp\/v2\/types\/page"}],"author":[{"embeddable":true,"href":"https:\/\/www.dvo45.fr\/index.php\/wp-json\/wp\/v2\/users\/1"}],"replies":[{"embeddable":true,"href":"https:\/\/www.dvo45.fr\/index.php\/wp-json\/wp\/v2\/comments?post=22987"}],"version-history":[{"count":20,"href":"https:\/\/www.dvo45.fr\/index.php\/wp-json\/wp\/v2\/pages\/22987\/revisions"}],"predecessor-version":[{"id":28488,"href":"https:\/\/www.dvo45.fr\/index.php\/wp-json\/wp\/v2\/pages\/22987\/revisions\/28488"}],"up":[{"embeddable":true,"href":"https:\/\/www.dvo45.fr\/index.php\/wp-json\/wp\/v2\/pages\/93"}],"wp:attachment":[{"href":"https:\/\/www.dvo45.fr\/index.php\/wp-json\/wp\/v2\/media?parent=22987"}],"curies":[{"name":"wp","href":"https:\/\/api.w.org\/{rel}","templated":true}]}}