{"id":23041,"date":"2020-03-09T00:07:45","date_gmt":"2020-03-08T23:07:45","guid":{"rendered":"http:\/\/www.dvo45.fr\/?page_id=23041"},"modified":"2025-07-16T08:51:42","modified_gmt":"2025-07-16T08:51:42","slug":"le-veilleur-notre-journal-inter-paroissial","status":"publish","type":"page","link":"https:\/\/www.dvo45.fr\/index.php\/eap-2\/le-veilleur-notre-journal-inter-paroissial\/","title":{"rendered":"Le Veilleur, journal inter-paroissial"},"content":{"rendered":"\n<p><\/p>\n\n\n\n<p>Notre journal paroissial est distribu\u00e9 dans chaque boite aux lettres du secteur g\u00e9ographique par une \u00e9quipe de b\u00e9n\u00e9voles<\/p>\n\n\n\n<p><a href=\"https:\/\/www.journaux-paroissiaux.com\/journaux\/beaugency-le-veilleur\">Le Veilleur \u2014 Le kiosque des journaux paroissiaux<\/a><\/p>\n\n\n\n<p>Le Veilleur :<a href=\"https:\/\/www.journaux-paroissiaux.com\/journaux\/beaugency-le-veilleur\"> num\u00e9ro 14 de septembre 2024<\/a> (version non distribu\u00e9e, disponible sur internet ou dans votre \u00e9glise)<\/p>\n\n\n\n<p><a href=\"https:\/\/www.journaux-paroissiaux.com\/journaux\/beaugency-le-veilleur\">Le Veilleur : num\u00e9ro 12 du journal Paroissial, d\u00e9cembre 2023<\/a><\/p>\n\n\n\n<p><a href=\"https:\/\/www.journaux-paroissiaux.com\/journaux\/beaugency-le-veilleur\">Le veilleur : num\u00e9ro 10 du journal paroissial<\/a><\/p>\n\n\n\n<p>Le Veilleur : Num\u00e9ro 9 du journal paroissial &#8211; <a href=\"https:\/\/www.journaux-paroissiaux.com\/journaux\/beaugency-le-veilleur\" target=\"_blank\" rel=\"noreferrer noopener\">parution d\u00e9cembre 2022<\/a><\/p>\n\n\n\n<p>Le Veilleur  le num\u00e9ro n\u00b08 de notre journal paroissial &#8211; parution \u00e9t\u00e9 2022<\/p>\n\n\n\n<div class=\"wp-block-file\"><a id=\"wp-block-file--media-bbbb4b66-32c6-4ea0-949c-a0503bfdea7d\" href=\"https:\/\/www.dvo45.fr\/wp-content\/uploads\/2022\/09\/Le-Veilleur-septembre-2022.pdf\">Le-Veilleur-septembre-2022<\/a><\/div>\n\n\n\n<h3 class=\"wp-block-heading\"><strong>Le Veilleur Num\u00e9ro 7 &#8211; <\/strong>Printemps 2022<\/h3>\n\n\n\n<div class=\"wp-block-file aligncenter\"><a id=\"wp-block-file--media-a6ca5ed5-9eda-4b7a-89b4-1c76035bc531\" href=\"https:\/\/www.dvo45.fr\/wp-content\/uploads\/2022\/04\/veilleur-7.pdf\">veilleur-7<\/a><a href=\"https:\/\/www.dvo45.fr\/wp-content\/uploads\/2022\/04\/veilleur-7.pdf\" class=\"wp-block-file__button wp-element-button\" download aria-describedby=\"wp-block-file--media-a6ca5ed5-9eda-4b7a-89b4-1c76035bc531\">LIRE LE VEILLEUR45<\/a><\/div>\n\n\n\n<p><\/p>\n\n\n\n<p><\/p>\n\n\n\n<p><\/p>\n","protected":false},"excerpt":{"rendered":"<p>Notre journal paroissial est distribu\u00e9 dans chaque boite aux lettres du secteur g\u00e9ographique par une \u00e9quipe de b\u00e9n\u00e9voles Le Veilleur \u2014 Le kiosque des journaux paroissiaux Le Veilleur : num\u00e9ro 14 de septembre 2024 (version non distribu\u00e9e, disponible sur internet<\/p>\n","protected":false},"author":1,"featured_media":0,"parent":22505,"menu_order":60,"comment_status":"closed","ping_status":"closed","template":"","meta":{"footnotes":""},"class_list":["post-23041","page","type-page","status-publish","hentry"],"yoast_head":"<!-- This site is optimized with the Yoast SEO plugin v27.3 - https:\/\/yoast.com\/product\/yoast-seo-wordpress\/ -->\n<title>Le Veilleur, journal inter-paroissial -<\/title>\n<meta name=\"description\" content=\"groupement paroissial de Beaugency - Meung sur Loire\" \/>\n<meta name=\"robots\" content=\"index, follow, max-snippet:-1, max-image-preview:large, max-video-preview:-1\" \/>\n<link rel=\"canonical\" href=\"https:\/\/www.dvo45.fr\/index.php\/eap-2\/le-veilleur-notre-journal-inter-paroissial\/\" \/>\n<meta property=\"og:locale\" content=\"fr_FR\" \/>\n<meta property=\"og:type\" content=\"article\" \/>\n<meta property=\"og:title\" content=\"Le Veilleur, journal inter-paroissial -\" \/>\n<meta property=\"og:description\" content=\"groupement paroissial de Beaugency - Meung sur Loire\" \/>\n<meta property=\"og:url\" content=\"https:\/\/www.dvo45.fr\/index.php\/eap-2\/le-veilleur-notre-journal-inter-paroissial\/\" \/>\n<meta property=\"article:publisher\" content=\"https:\/\/www.facebook.com\/Le-groupe-paroissial-de-Beaugency-Meung-sur-loire-135382090421585\" \/>\n<meta property=\"article:modified_time\" content=\"2025-07-16T08:51:42+00:00\" \/>\n<meta name=\"twitter:card\" content=\"summary_large_image\" \/>\n<meta name=\"twitter:label1\" content=\"Dur\u00e9e de lecture estim\u00e9e\" \/>\n\t<meta name=\"twitter:data1\" content=\"1 minute\" \/>\n<script type=\"application\/ld+json\" class=\"yoast-schema-graph\">{\"@context\":\"https:\\\/\\\/schema.org\",\"@graph\":[{\"@type\":\"WebPage\",\"@id\":\"https:\\\/\\\/www.dvo45.fr\\\/index.php\\\/eap-2\\\/le-veilleur-notre-journal-inter-paroissial\\\/\",\"url\":\"https:\\\/\\\/www.dvo45.fr\\\/index.php\\\/eap-2\\\/le-veilleur-notre-journal-inter-paroissial\\\/\",\"name\":\"Le Veilleur, journal inter-paroissial -\",\"isPartOf\":{\"@id\":\"https:\\\/\\\/www.dvo45.fr\\\/#website\"},\"datePublished\":\"2020-03-08T23:07:45+00:00\",\"dateModified\":\"2025-07-16T08:51:42+00:00\",\"description\":\"groupement paroissial de Beaugency - Meung sur Loire\",\"breadcrumb\":{\"@id\":\"https:\\\/\\\/www.dvo45.fr\\\/index.php\\\/eap-2\\\/le-veilleur-notre-journal-inter-paroissial\\\/#breadcrumb\"},\"inLanguage\":\"fr-FR\",\"potentialAction\":[{\"@type\":\"ReadAction\",\"target\":[\"https:\\\/\\\/www.dvo45.fr\\\/index.php\\\/eap-2\\\/le-veilleur-notre-journal-inter-paroissial\\\/\"]}]},{\"@type\":\"BreadcrumbList\",\"@id\":\"https:\\\/\\\/www.dvo45.fr\\\/index.php\\\/eap-2\\\/le-veilleur-notre-journal-inter-paroissial\\\/#breadcrumb\",\"itemListElement\":[{\"@type\":\"ListItem\",\"position\":1,\"name\":\"Accueil\",\"item\":\"https:\\\/\\\/www.dvo45.fr\\\/\"},{\"@type\":\"ListItem\",\"position\":2,\"name\":\"VIE DE LA PAROISSE\",\"item\":\"https:\\\/\\\/www.dvo45.fr\\\/index.php\\\/eap-2\\\/\"},{\"@type\":\"ListItem\",\"position\":3,\"name\":\"Le Veilleur, journal inter-paroissial\"}]},{\"@type\":\"WebSite\",\"@id\":\"https:\\\/\\\/www.dvo45.fr\\\/#website\",\"url\":\"https:\\\/\\\/www.dvo45.fr\\\/\",\"name\":\"\",\"description\":\"Contactez nous au : 02-38-45-28-93\",\"publisher\":{\"@id\":\"https:\\\/\\\/www.dvo45.fr\\\/#organization\"},\"potentialAction\":[{\"@type\":\"SearchAction\",\"target\":{\"@type\":\"EntryPoint\",\"urlTemplate\":\"https:\\\/\\\/www.dvo45.fr\\\/?s={search_term_string}\"},\"query-input\":{\"@type\":\"PropertyValueSpecification\",\"valueRequired\":true,\"valueName\":\"search_term_string\"}}],\"inLanguage\":\"fr-FR\"},{\"@type\":\"Organization\",\"@id\":\"https:\\\/\\\/www.dvo45.fr\\\/#organization\",\"name\":\"Groupement Paroissial de Beaugency-Meung\\\/Loire\",\"url\":\"https:\\\/\\\/www.dvo45.fr\\\/\",\"logo\":{\"@type\":\"ImageObject\",\"inLanguage\":\"fr-FR\",\"@id\":\"https:\\\/\\\/www.dvo45.fr\\\/#\\\/schema\\\/logo\\\/image\\\/\",\"url\":\"https:\\\/\\\/www.dvo45.fr\\\/wp-content\\\/uploads\\\/2020\\\/11\\\/GROUPEMENT-PAROISSIAL-logo360x360.jpg\",\"contentUrl\":\"https:\\\/\\\/www.dvo45.fr\\\/wp-content\\\/uploads\\\/2020\\\/11\\\/GROUPEMENT-PAROISSIAL-logo360x360.jpg\",\"width\":360,\"height\":360,\"caption\":\"Groupement Paroissial de Beaugency-Meung\\\/Loire\"},\"image\":{\"@id\":\"https:\\\/\\\/www.dvo45.fr\\\/#\\\/schema\\\/logo\\\/image\\\/\"},\"sameAs\":[\"https:\\\/\\\/www.facebook.com\\\/Le-groupe-paroissial-de-Beaugency-Meung-sur-loire-135382090421585\",\"https:\\\/\\\/www.youtube.com\\\/channel\\\/UCQuQV3-lctEa6-fnRMjXZeQ\"]}]}<\/script>\n<!-- \/ Yoast SEO plugin. -->","yoast_head_json":{"title":"Le Veilleur, journal inter-paroissial -","description":"groupement paroissial de Beaugency - Meung sur Loire","robots":{"index":"index","follow":"follow","max-snippet":"max-snippet:-1","max-image-preview":"max-image-preview:large","max-video-preview":"max-video-preview:-1"},"canonical":"https:\/\/www.dvo45.fr\/index.php\/eap-2\/le-veilleur-notre-journal-inter-paroissial\/","og_locale":"fr_FR","og_type":"article","og_title":"Le Veilleur, journal inter-paroissial -","og_description":"groupement paroissial de Beaugency - Meung sur Loire","og_url":"https:\/\/www.dvo45.fr\/index.php\/eap-2\/le-veilleur-notre-journal-inter-paroissial\/","article_publisher":"https:\/\/www.facebook.com\/Le-groupe-paroissial-de-Beaugency-Meung-sur-loire-135382090421585","article_modified_time":"2025-07-16T08:51:42+00:00","twitter_card":"summary_large_image","twitter_misc":{"Dur\u00e9e de lecture estim\u00e9e":"1 minute"},"schema":{"@context":"https:\/\/schema.org","@graph":[{"@type":"WebPage","@id":"https:\/\/www.dvo45.fr\/index.php\/eap-2\/le-veilleur-notre-journal-inter-paroissial\/","url":"https:\/\/www.dvo45.fr\/index.php\/eap-2\/le-veilleur-notre-journal-inter-paroissial\/","name":"Le Veilleur, journal inter-paroissial -","isPartOf":{"@id":"https:\/\/www.dvo45.fr\/#website"},"datePublished":"2020-03-08T23:07:45+00:00","dateModified":"2025-07-16T08:51:42+00:00","description":"groupement paroissial de Beaugency - Meung sur Loire","breadcrumb":{"@id":"https:\/\/www.dvo45.fr\/index.php\/eap-2\/le-veilleur-notre-journal-inter-paroissial\/#breadcrumb"},"inLanguage":"fr-FR","potentialAction":[{"@type":"ReadAction","target":["https:\/\/www.dvo45.fr\/index.php\/eap-2\/le-veilleur-notre-journal-inter-paroissial\/"]}]},{"@type":"BreadcrumbList","@id":"https:\/\/www.dvo45.fr\/index.php\/eap-2\/le-veilleur-notre-journal-inter-paroissial\/#breadcrumb","itemListElement":[{"@type":"ListItem","position":1,"name":"Accueil","item":"https:\/\/www.dvo45.fr\/"},{"@type":"ListItem","position":2,"name":"VIE DE LA PAROISSE","item":"https:\/\/www.dvo45.fr\/index.php\/eap-2\/"},{"@type":"ListItem","position":3,"name":"Le Veilleur, journal inter-paroissial"}]},{"@type":"WebSite","@id":"https:\/\/www.dvo45.fr\/#website","url":"https:\/\/www.dvo45.fr\/","name":"","description":"Contactez nous au : 02-38-45-28-93","publisher":{"@id":"https:\/\/www.dvo45.fr\/#organization"},"potentialAction":[{"@type":"SearchAction","target":{"@type":"EntryPoint","urlTemplate":"https:\/\/www.dvo45.fr\/?s={search_term_string}"},"query-input":{"@type":"PropertyValueSpecification","valueRequired":true,"valueName":"search_term_string"}}],"inLanguage":"fr-FR"},{"@type":"Organization","@id":"https:\/\/www.dvo45.fr\/#organization","name":"Groupement Paroissial de Beaugency-Meung\/Loire","url":"https:\/\/www.dvo45.fr\/","logo":{"@type":"ImageObject","inLanguage":"fr-FR","@id":"https:\/\/www.dvo45.fr\/#\/schema\/logo\/image\/","url":"https:\/\/www.dvo45.fr\/wp-content\/uploads\/2020\/11\/GROUPEMENT-PAROISSIAL-logo360x360.jpg","contentUrl":"https:\/\/www.dvo45.fr\/wp-content\/uploads\/2020\/11\/GROUPEMENT-PAROISSIAL-logo360x360.jpg","width":360,"height":360,"caption":"Groupement Paroissial de Beaugency-Meung\/Loire"},"image":{"@id":"https:\/\/www.dvo45.fr\/#\/schema\/logo\/image\/"},"sameAs":["https:\/\/www.facebook.com\/Le-groupe-paroissial-de-Beaugency-Meung-sur-loire-135382090421585","https:\/\/www.youtube.com\/channel\/UCQuQV3-lctEa6-fnRMjXZeQ"]}]}},"_links":{"self":[{"href":"https:\/\/www.dvo45.fr\/index.php\/wp-json\/wp\/v2\/pages\/23041","targetHints":{"allow":["GET"]}}],"collection":[{"href":"https:\/\/www.dvo45.fr\/index.php\/wp-json\/wp\/v2\/pages"}],"about":[{"href":"https:\/\/www.dvo45.fr\/index.php\/wp-json\/wp\/v2\/types\/page"}],"author":[{"embeddable":true,"href":"https:\/\/www.dvo45.fr\/index.php\/wp-json\/wp\/v2\/users\/1"}],"replies":[{"embeddable":true,"href":"https:\/\/www.dvo45.fr\/index.php\/wp-json\/wp\/v2\/comments?post=23041"}],"version-history":[{"count":20,"href":"https:\/\/www.dvo45.fr\/index.php\/wp-json\/wp\/v2\/pages\/23041\/revisions"}],"predecessor-version":[{"id":28440,"href":"https:\/\/www.dvo45.fr\/index.php\/wp-json\/wp\/v2\/pages\/23041\/revisions\/28440"}],"up":[{"embeddable":true,"href":"https:\/\/www.dvo45.fr\/index.php\/wp-json\/wp\/v2\/pages\/22505"}],"wp:attachment":[{"href":"https:\/\/www.dvo45.fr\/index.php\/wp-json\/wp\/v2\/media?parent=23041"}],"curies":[{"name":"wp","href":"https:\/\/api.w.org\/{rel}","templated":true}]}}

<p></p>



<p>Notre journal paroissial est distribué dans chaque boite aux lettres du secteur géographique par une équipe de bénévoles</p>



<p><a href="https://www.journaux-paroissiaux.com/journaux/beaugency-le-veilleur">Le Veilleur — Le kiosque des journaux paroissiaux</a></p>



<p>Le Veilleur :<a href="https://www.journaux-paroissiaux.com/journaux/beaugency-le-veilleur"> numéro 14 de septembre 2024</a> (version non distribuée, disponible sur internet ou dans votre église)</p>



<p><a href="https://www.journaux-paroissiaux.com/journaux/beaugency-le-veilleur">Le Veilleur : numéro 12 du journal Paroissial, décembre 2023</a></p>



<p><a href="https://www.journaux-paroissiaux.com/journaux/beaugency-le-veilleur">Le veilleur : numéro 10 du journal paroissial</a></p>



<p>Le Veilleur : Numéro 9 du journal paroissial &#8211; <a href="https://www.journaux-paroissiaux.com/journaux/beaugency-le-veilleur" target="_blank" rel="noreferrer noopener">parution décembre 2022</a></p>



<p>Le Veilleur  le numéro n°8 de notre journal paroissial &#8211; parution été 2022</p>



<div class="wp-block-file"><a id="wp-block-file--media-bbbb4b66-32c6-4ea0-949c-a0503bfdea7d" href="https://www.dvo45.fr/wp-content/uploads/2022/09/Le-Veilleur-septembre-2022.pdf">Le-Veilleur-septembre-2022</a></div>



<h3 class="wp-block-heading"><strong>Le Veilleur Numéro 7 &#8211; </strong>Printemps 2022</h3>



<div class="wp-block-file aligncenter"><a id="wp-block-file--media-a6ca5ed5-9eda-4b7a-89b4-1c76035bc531" href="https://www.dvo45.fr/wp-content/uploads/2022/04/veilleur-7.pdf">veilleur-7</a><a href="https://www.dvo45.fr/wp-content/uploads/2022/04/veilleur-7.pdf" class="wp-block-file__button wp-element-button" download aria-describedby="wp-block-file--media-a6ca5ed5-9eda-4b7a-89b4-1c76035bc531">LIRE LE VEILLEUR45</a></div>



<p></p>



<p></p>



<p></p>

<p>Notre journal paroissial est distribué dans chaque boite aux lettres du secteur géographique par une équipe de bénévoles Le Veilleur — Le kiosque des journaux paroissiaux Le Veilleur : numéro 14 de septembre 2024 (version non distribuée, disponible sur internet</p>

<!-- This site is optimized with the Yoast SEO plugin v27.3 - https://yoast.com/product/yoast-seo-wordpress/ -->
<title>Le Veilleur, journal inter-paroissial -</title>
<meta name="description" content="groupement paroissial de Beaugency - Meung sur Loire" />
<meta name="robots" content="index, follow, max-snippet:-1, max-image-preview:large, max-video-preview:-1" />
<link rel="canonical" href="https://www.dvo45.fr/index.php/eap-2/le-veilleur-notre-journal-inter-paroissial/" />
<meta property="og:locale" content="fr_FR" />
<meta property="og:type" content="article" />
<meta property="og:title" content="Le Veilleur, journal inter-paroissial -" />
<meta property="og:description" content="groupement paroissial de Beaugency - Meung sur Loire" />
<meta property="og:url" content="https://www.dvo45.fr/index.php/eap-2/le-veilleur-notre-journal-inter-paroissial/" />
<meta property="article:publisher" content="https://www.facebook.com/Le-groupe-paroissial-de-Beaugency-Meung-sur-loire-135382090421585" />
<meta property="article:modified_time" content="2025-07-16T08:51:42+00:00" />
<meta name="twitter:card" content="summary_large_image" />
<meta name="twitter:label1" content="Durée de lecture estimée" />
	<meta name="twitter:data1" content="1 minute" />
<script type="application/ld+json" class="yoast-schema-graph">{"@context":"https:\/\/schema.org","@graph":[{"@type":"WebPage","@id":"https:\/\/www.dvo45.fr\/index.php\/eap-2\/le-veilleur-notre-journal-inter-paroissial\/","url":"https:\/\/www.dvo45.fr\/index.php\/eap-2\/le-veilleur-notre-journal-inter-paroissial\/","name":"Le Veilleur, journal inter-paroissial -","isPartOf":{"@id":"https:\/\/www.dvo45.fr\/#website"},"datePublished":"2020-03-08T23:07:45+00:00","dateModified":"2025-07-16T08:51:42+00:00","description":"groupement paroissial de Beaugency - Meung sur Loire","breadcrumb":{"@id":"https:\/\/www.dvo45.fr\/index.php\/eap-2\/le-veilleur-notre-journal-inter-paroissial\/#breadcrumb"},"inLanguage":"fr-FR","potentialAction":[{"@type":"ReadAction","target":["https:\/\/www.dvo45.fr\/index.php\/eap-2\/le-veilleur-notre-journal-inter-paroissial\/"]}]},{"@type":"BreadcrumbList","@id":"https:\/\/www.dvo45.fr\/index.php\/eap-2\/le-veilleur-notre-journal-inter-paroissial\/#breadcrumb","itemListElement":[{"@type":"ListItem","position":1,"name":"Accueil","item":"https:\/\/www.dvo45.fr\/"},{"@type":"ListItem","position":2,"name":"VIE DE LA PAROISSE","item":"https:\/\/www.dvo45.fr\/index.php\/eap-2\/"},{"@type":"ListItem","position":3,"name":"Le Veilleur, journal inter-paroissial"}]},{"@type":"WebSite","@id":"https:\/\/www.dvo45.fr\/#website","url":"https:\/\/www.dvo45.fr\/","name":"","description":"Contactez nous au : 02-38-45-28-93","publisher":{"@id":"https:\/\/www.dvo45.fr\/#organization"},"potentialAction":[{"@type":"SearchAction","target":{"@type":"EntryPoint","urlTemplate":"https:\/\/www.dvo45.fr\/?s={search_term_string}"},"query-input":{"@type":"PropertyValueSpecification","valueRequired":true,"valueName":"search_term_string"}}],"inLanguage":"fr-FR"},{"@type":"Organization","@id":"https:\/\/www.dvo45.fr\/#organization","name":"Groupement Paroissial de Beaugency-Meung\/Loire","url":"https:\/\/www.dvo45.fr\/","logo":{"@type":"ImageObject","inLanguage":"fr-FR","@id":"https:\/\/www.dvo45.fr\/#\/schema\/logo\/image\/","url":"https:\/\/www.dvo45.fr\/wp-content\/uploads\/2020\/11\/GROUPEMENT-PAROISSIAL-logo360x360.jpg","contentUrl":"https:\/\/www.dvo45.fr\/wp-content\/uploads\/2020\/11\/GROUPEMENT-PAROISSIAL-logo360x360.jpg","width":360,"height":360,"caption":"Groupement Paroissial de Beaugency-Meung\/Loire"},"image":{"@id":"https:\/\/www.dvo45.fr\/#\/schema\/logo\/image\/"},"sameAs":["https:\/\/www.facebook.com\/Le-groupe-paroissial-de-Beaugency-Meung-sur-loire-135382090421585","https:\/\/www.youtube.com\/channel\/UCQuQV3-lctEa6-fnRMjXZeQ"]}]}</script>
<!-- / Yoast SEO plugin. -->
