{"id":23087,"date":"2020-03-09T17:23:24","date_gmt":"2020-03-09T16:23:24","guid":{"rendered":"http:\/\/www.dvo45.fr\/?page_id=23087"},"modified":"2025-07-19T16:34:46","modified_gmt":"2025-07-19T16:34:46","slug":"nos-favoris","status":"publish","type":"page","link":"https:\/\/www.dvo45.fr\/index.php\/prier-et-celebrer\/nos-favoris\/","title":{"rendered":"Nos m\u00e9dias favoris"},"content":{"rendered":"\n<p>KTO, la chaine catholique<\/p>\n\n\n\n<p><a href=\"https:\/\/www.ktotv.com\/articles\" target=\"_blank\" rel=\"noreferrer noopener\">https:\/\/www.ktotv.com\/articles<\/a><\/p>\n\n\n\n<p>Les hom\u00e9lies  de Mgr Aupetit<\/p>\n\n\n\n<p><a href=\"https:\/\/www.paris.catholique.fr\/-homelies-5403-.html\" target=\"_blank\" rel=\"noreferrer noopener\">https:\/\/www.paris.catholique.fr\/-homelies-5403-.html<\/a> <\/p>\n\n\n\n<p>Jardinier de Dieu, blog catholique <a href=\"http:\/\/jardinierdedieu.fr\/\" target=\"_blank\" rel=\"noreferrer noopener\">http:\/\/jardinierdedieu.fr\/<\/a><\/p>\n\n\n\n<p>Le Coll\u00e8ge des Bernardins<\/p>\n\n\n\n<p><a href=\"https:\/\/www.collegedesbernardins.fr\/\" target=\"_blank\" rel=\"noreferrer noopener\">https:\/\/www.collegedesbernardins.fr<\/a><\/p>\n\n\n\n<p>La Croix, journal quotidien catholique<\/p>\n\n\n\n<p><a href=\"https:\/\/www.la-croix.com\/\" target=\"_blank\" rel=\"noreferrer noopener\">https:\/\/www.la-croix.com\/<\/a><\/p>\n\n\n\n<p>Un peu de philo? des heures de conf\u00e9rencs gratuites avec Bertrand Vergely (philosophe et th\u00e9ologien orl\u00e9anais qui plus est ! )<\/p>\n\n\n\n<p> <a href=\"https:\/\/orthodoxie.com\/?s=vergely&amp;lang=fr&amp;lang=fr\" target=\"_blank\" rel=\"noreferrer noopener\">https:\/\/orthodoxie.com\/?s=vergely&amp;lang=fr&amp;lang=fr<\/a><\/p>\n\n\n\n<p>Christus, revue de spiritualit\u00e9 chr\u00e9tienne (j\u00e9suite)<\/p>\n\n\n\n<p><a href=\"https:\/\/www.revue-christus.com\/\" target=\"_blank\" rel=\"noreferrer noopener\">https:\/\/www.revue-christus.com\/<\/a><\/p>\n\n\n\n<p>Monast\u00e8re Notre Dame, B\u00e9n\u00e9dictines \u00e0 Bouzy la For\u00eat (45) : proposition de deux retraites (d&rsquo;un Week end) par an. Prochaine date  : 18 et 19 avril 2020, par p\u00e8re Henry de Villefranche : \u00ab\u00a0<em>les chr\u00e9tiens sont-ils des ressuscit\u00e9s?<\/em>\u00ab\u00a0. Covoiturage possible depuis Beaugency.<\/p>\n\n\n\n<p><a href=\"https:\/\/www.benedictines-bouzy.com\/site-bouzy.html\" target=\"_blank\" rel=\"noreferrer noopener\">https:\/\/www.benedictines-bouzy.com\/site-bouzy.html<\/a><\/p>\n\n\n\n<p><a href=\"https:\/\/foipromesse.eklablog.fr\">Blog du P\u00e8re Eric<\/a><\/p>\n\n\n\n<p><a href=\"https:\/\/eglise.catholique.fr\/approfondir-sa-foi\/vivre-sa-foi-a-tous-les-ages\/lunite-des-chretiens-2\/\">L&rsquo;unit\u00e9 des chr\u00e9tiens<\/a><\/p>\n\n\n\n<p><a href=\"https:\/\/www.theobule.org\/\">Th\u00e9obule &#8211; cat\u00e9ch\u00e8se enfant par les Dominicains<\/a><\/p>\n\n\n\n<p><a href=\"https:\/\/www.youtube.com\/channel\/UCWsPptxhLaTv8ATmceTOTog\">Fr\u00e8re Paul-Adrien &#8211; YouTube<\/a><\/p>\n","protected":false},"excerpt":{"rendered":"<p>KTO, la chaine catholique https:\/\/www.ktotv.com\/articles Les hom\u00e9lies de Mgr Aupetit https:\/\/www.paris.catholique.fr\/-homelies-5403-.html Jardinier de Dieu, blog catholique http:\/\/jardinierdedieu.fr\/ Le Coll\u00e8ge des Bernardins https:\/\/www.collegedesbernardins.fr La Croix, journal quotidien catholique https:\/\/www.la-croix.com\/ Un peu de philo? des heures de conf\u00e9rencs gratuites avec Bertrand Vergely<\/p>\n","protected":false},"author":1,"featured_media":0,"parent":93,"menu_order":60,"comment_status":"closed","ping_status":"closed","template":"","meta":{"footnotes":""},"class_list":["post-23087","page","type-page","status-publish","hentry"],"yoast_head":"<!-- This site is optimized with the Yoast SEO plugin v27.3 - https:\/\/yoast.com\/product\/yoast-seo-wordpress\/ -->\n<title>Nos m\u00e9dias favoris -<\/title>\n<meta name=\"description\" content=\"groupement paroissial de Beaugency - Meung sur Loire\" \/>\n<meta name=\"robots\" content=\"index, follow, max-snippet:-1, max-image-preview:large, max-video-preview:-1\" \/>\n<link rel=\"canonical\" href=\"https:\/\/www.dvo45.fr\/index.php\/prier-et-celebrer\/nos-favoris\/\" \/>\n<meta property=\"og:locale\" content=\"fr_FR\" \/>\n<meta property=\"og:type\" content=\"article\" \/>\n<meta property=\"og:title\" content=\"Nos m\u00e9dias favoris -\" \/>\n<meta property=\"og:description\" content=\"groupement paroissial de Beaugency - Meung sur Loire\" \/>\n<meta property=\"og:url\" content=\"https:\/\/www.dvo45.fr\/index.php\/prier-et-celebrer\/nos-favoris\/\" \/>\n<meta property=\"article:publisher\" content=\"https:\/\/www.facebook.com\/Le-groupe-paroissial-de-Beaugency-Meung-sur-loire-135382090421585\" \/>\n<meta property=\"article:modified_time\" content=\"2025-07-19T16:34:46+00:00\" \/>\n<meta name=\"twitter:card\" content=\"summary_large_image\" \/>\n<meta name=\"twitter:label1\" content=\"Dur\u00e9e de lecture estim\u00e9e\" \/>\n\t<meta name=\"twitter:data1\" content=\"1 minute\" \/>\n<script type=\"application\/ld+json\" class=\"yoast-schema-graph\">{\"@context\":\"https:\\\/\\\/schema.org\",\"@graph\":[{\"@type\":\"WebPage\",\"@id\":\"https:\\\/\\\/www.dvo45.fr\\\/index.php\\\/prier-et-celebrer\\\/nos-favoris\\\/\",\"url\":\"https:\\\/\\\/www.dvo45.fr\\\/index.php\\\/prier-et-celebrer\\\/nos-favoris\\\/\",\"name\":\"Nos m\u00e9dias favoris -\",\"isPartOf\":{\"@id\":\"https:\\\/\\\/www.dvo45.fr\\\/#website\"},\"datePublished\":\"2020-03-09T16:23:24+00:00\",\"dateModified\":\"2025-07-19T16:34:46+00:00\",\"description\":\"groupement paroissial de Beaugency - Meung sur Loire\",\"breadcrumb\":{\"@id\":\"https:\\\/\\\/www.dvo45.fr\\\/index.php\\\/prier-et-celebrer\\\/nos-favoris\\\/#breadcrumb\"},\"inLanguage\":\"fr-FR\",\"potentialAction\":[{\"@type\":\"ReadAction\",\"target\":[\"https:\\\/\\\/www.dvo45.fr\\\/index.php\\\/prier-et-celebrer\\\/nos-favoris\\\/\"]}]},{\"@type\":\"BreadcrumbList\",\"@id\":\"https:\\\/\\\/www.dvo45.fr\\\/index.php\\\/prier-et-celebrer\\\/nos-favoris\\\/#breadcrumb\",\"itemListElement\":[{\"@type\":\"ListItem\",\"position\":1,\"name\":\"Accueil\",\"item\":\"https:\\\/\\\/www.dvo45.fr\\\/\"},{\"@type\":\"ListItem\",\"position\":2,\"name\":\"PRIER ET CELEBRER\",\"item\":\"https:\\\/\\\/www.dvo45.fr\\\/index.php\\\/prier-et-celebrer\\\/\"},{\"@type\":\"ListItem\",\"position\":3,\"name\":\"Nos m\u00e9dias favoris\"}]},{\"@type\":\"WebSite\",\"@id\":\"https:\\\/\\\/www.dvo45.fr\\\/#website\",\"url\":\"https:\\\/\\\/www.dvo45.fr\\\/\",\"name\":\"\",\"description\":\"Contactez nous au : 02-38-45-28-93\",\"publisher\":{\"@id\":\"https:\\\/\\\/www.dvo45.fr\\\/#organization\"},\"potentialAction\":[{\"@type\":\"SearchAction\",\"target\":{\"@type\":\"EntryPoint\",\"urlTemplate\":\"https:\\\/\\\/www.dvo45.fr\\\/?s={search_term_string}\"},\"query-input\":{\"@type\":\"PropertyValueSpecification\",\"valueRequired\":true,\"valueName\":\"search_term_string\"}}],\"inLanguage\":\"fr-FR\"},{\"@type\":\"Organization\",\"@id\":\"https:\\\/\\\/www.dvo45.fr\\\/#organization\",\"name\":\"Groupement Paroissial de Beaugency-Meung\\\/Loire\",\"url\":\"https:\\\/\\\/www.dvo45.fr\\\/\",\"logo\":{\"@type\":\"ImageObject\",\"inLanguage\":\"fr-FR\",\"@id\":\"https:\\\/\\\/www.dvo45.fr\\\/#\\\/schema\\\/logo\\\/image\\\/\",\"url\":\"https:\\\/\\\/www.dvo45.fr\\\/wp-content\\\/uploads\\\/2020\\\/11\\\/GROUPEMENT-PAROISSIAL-logo360x360.jpg\",\"contentUrl\":\"https:\\\/\\\/www.dvo45.fr\\\/wp-content\\\/uploads\\\/2020\\\/11\\\/GROUPEMENT-PAROISSIAL-logo360x360.jpg\",\"width\":360,\"height\":360,\"caption\":\"Groupement Paroissial de Beaugency-Meung\\\/Loire\"},\"image\":{\"@id\":\"https:\\\/\\\/www.dvo45.fr\\\/#\\\/schema\\\/logo\\\/image\\\/\"},\"sameAs\":[\"https:\\\/\\\/www.facebook.com\\\/Le-groupe-paroissial-de-Beaugency-Meung-sur-loire-135382090421585\",\"https:\\\/\\\/www.youtube.com\\\/channel\\\/UCQuQV3-lctEa6-fnRMjXZeQ\"]}]}<\/script>\n<!-- \/ Yoast SEO plugin. -->","yoast_head_json":{"title":"Nos m\u00e9dias favoris -","description":"groupement paroissial de Beaugency - Meung sur Loire","robots":{"index":"index","follow":"follow","max-snippet":"max-snippet:-1","max-image-preview":"max-image-preview:large","max-video-preview":"max-video-preview:-1"},"canonical":"https:\/\/www.dvo45.fr\/index.php\/prier-et-celebrer\/nos-favoris\/","og_locale":"fr_FR","og_type":"article","og_title":"Nos m\u00e9dias favoris -","og_description":"groupement paroissial de Beaugency - Meung sur Loire","og_url":"https:\/\/www.dvo45.fr\/index.php\/prier-et-celebrer\/nos-favoris\/","article_publisher":"https:\/\/www.facebook.com\/Le-groupe-paroissial-de-Beaugency-Meung-sur-loire-135382090421585","article_modified_time":"2025-07-19T16:34:46+00:00","twitter_card":"summary_large_image","twitter_misc":{"Dur\u00e9e de lecture estim\u00e9e":"1 minute"},"schema":{"@context":"https:\/\/schema.org","@graph":[{"@type":"WebPage","@id":"https:\/\/www.dvo45.fr\/index.php\/prier-et-celebrer\/nos-favoris\/","url":"https:\/\/www.dvo45.fr\/index.php\/prier-et-celebrer\/nos-favoris\/","name":"Nos m\u00e9dias favoris -","isPartOf":{"@id":"https:\/\/www.dvo45.fr\/#website"},"datePublished":"2020-03-09T16:23:24+00:00","dateModified":"2025-07-19T16:34:46+00:00","description":"groupement paroissial de Beaugency - Meung sur Loire","breadcrumb":{"@id":"https:\/\/www.dvo45.fr\/index.php\/prier-et-celebrer\/nos-favoris\/#breadcrumb"},"inLanguage":"fr-FR","potentialAction":[{"@type":"ReadAction","target":["https:\/\/www.dvo45.fr\/index.php\/prier-et-celebrer\/nos-favoris\/"]}]},{"@type":"BreadcrumbList","@id":"https:\/\/www.dvo45.fr\/index.php\/prier-et-celebrer\/nos-favoris\/#breadcrumb","itemListElement":[{"@type":"ListItem","position":1,"name":"Accueil","item":"https:\/\/www.dvo45.fr\/"},{"@type":"ListItem","position":2,"name":"PRIER ET CELEBRER","item":"https:\/\/www.dvo45.fr\/index.php\/prier-et-celebrer\/"},{"@type":"ListItem","position":3,"name":"Nos m\u00e9dias favoris"}]},{"@type":"WebSite","@id":"https:\/\/www.dvo45.fr\/#website","url":"https:\/\/www.dvo45.fr\/","name":"","description":"Contactez nous au : 02-38-45-28-93","publisher":{"@id":"https:\/\/www.dvo45.fr\/#organization"},"potentialAction":[{"@type":"SearchAction","target":{"@type":"EntryPoint","urlTemplate":"https:\/\/www.dvo45.fr\/?s={search_term_string}"},"query-input":{"@type":"PropertyValueSpecification","valueRequired":true,"valueName":"search_term_string"}}],"inLanguage":"fr-FR"},{"@type":"Organization","@id":"https:\/\/www.dvo45.fr\/#organization","name":"Groupement Paroissial de Beaugency-Meung\/Loire","url":"https:\/\/www.dvo45.fr\/","logo":{"@type":"ImageObject","inLanguage":"fr-FR","@id":"https:\/\/www.dvo45.fr\/#\/schema\/logo\/image\/","url":"https:\/\/www.dvo45.fr\/wp-content\/uploads\/2020\/11\/GROUPEMENT-PAROISSIAL-logo360x360.jpg","contentUrl":"https:\/\/www.dvo45.fr\/wp-content\/uploads\/2020\/11\/GROUPEMENT-PAROISSIAL-logo360x360.jpg","width":360,"height":360,"caption":"Groupement Paroissial de Beaugency-Meung\/Loire"},"image":{"@id":"https:\/\/www.dvo45.fr\/#\/schema\/logo\/image\/"},"sameAs":["https:\/\/www.facebook.com\/Le-groupe-paroissial-de-Beaugency-Meung-sur-loire-135382090421585","https:\/\/www.youtube.com\/channel\/UCQuQV3-lctEa6-fnRMjXZeQ"]}]}},"_links":{"self":[{"href":"https:\/\/www.dvo45.fr\/index.php\/wp-json\/wp\/v2\/pages\/23087","targetHints":{"allow":["GET"]}}],"collection":[{"href":"https:\/\/www.dvo45.fr\/index.php\/wp-json\/wp\/v2\/pages"}],"about":[{"href":"https:\/\/www.dvo45.fr\/index.php\/wp-json\/wp\/v2\/types\/page"}],"author":[{"embeddable":true,"href":"https:\/\/www.dvo45.fr\/index.php\/wp-json\/wp\/v2\/users\/1"}],"replies":[{"embeddable":true,"href":"https:\/\/www.dvo45.fr\/index.php\/wp-json\/wp\/v2\/comments?post=23087"}],"version-history":[{"count":6,"href":"https:\/\/www.dvo45.fr\/index.php\/wp-json\/wp\/v2\/pages\/23087\/revisions"}],"predecessor-version":[{"id":28503,"href":"https:\/\/www.dvo45.fr\/index.php\/wp-json\/wp\/v2\/pages\/23087\/revisions\/28503"}],"up":[{"embeddable":true,"href":"https:\/\/www.dvo45.fr\/index.php\/wp-json\/wp\/v2\/pages\/93"}],"wp:attachment":[{"href":"https:\/\/www.dvo45.fr\/index.php\/wp-json\/wp\/v2\/media?parent=23087"}],"curies":[{"name":"wp","href":"https:\/\/api.w.org\/{rel}","templated":true}]}}

Nos médias favoris

<p>KTO, la chaine catholique</p>



<p><a href="https://www.ktotv.com/articles" target="_blank" rel="noreferrer noopener">https://www.ktotv.com/articles</a></p>



<p>Les homélies  de Mgr Aupetit</p>



<p><a href="https://www.paris.catholique.fr/-homelies-5403-.html" target="_blank" rel="noreferrer noopener">https://www.paris.catholique.fr/-homelies-5403-.html</a> </p>



<p>Jardinier de Dieu, blog catholique <a href="http://jardinierdedieu.fr/" target="_blank" rel="noreferrer noopener">http://jardinierdedieu.fr/</a></p>



<p>Le Collège des Bernardins</p>



<p><a href="https://www.collegedesbernardins.fr/" target="_blank" rel="noreferrer noopener">https://www.collegedesbernardins.fr</a></p>



<p>La Croix, journal quotidien catholique</p>



<p><a href="https://www.la-croix.com/" target="_blank" rel="noreferrer noopener">https://www.la-croix.com/</a></p>



<p>Un peu de philo? des heures de conférencs gratuites avec Bertrand Vergely (philosophe et théologien orléanais qui plus est ! )</p>



<p> <a href="https://orthodoxie.com/?s=vergely&amp;lang=fr&amp;lang=fr" target="_blank" rel="noreferrer noopener">https://orthodoxie.com/?s=vergely&amp;lang=fr&amp;lang=fr</a></p>



<p>Christus, revue de spiritualité chrétienne (jésuite)</p>



<p><a href="https://www.revue-christus.com/" target="_blank" rel="noreferrer noopener">https://www.revue-christus.com/</a></p>



<p>Monastère Notre Dame, Bénédictines à Bouzy la Forêt (45) : proposition de deux retraites (d&rsquo;un Week end) par an. Prochaine date  : 18 et 19 avril 2020, par père Henry de Villefranche : « <em>les chrétiens sont-ils des ressuscités?</em>« . Covoiturage possible depuis Beaugency.</p>



<p><a href="https://www.benedictines-bouzy.com/site-bouzy.html" target="_blank" rel="noreferrer noopener">https://www.benedictines-bouzy.com/site-bouzy.html</a></p>



<p><a href="https://foipromesse.eklablog.fr">Blog du Père Eric</a></p>



<p><a href="https://eglise.catholique.fr/approfondir-sa-foi/vivre-sa-foi-a-tous-les-ages/lunite-des-chretiens-2/">L&rsquo;unité des chrétiens</a></p>



<p><a href="https://www.theobule.org/">Théobule &#8211; catéchèse enfant par les Dominicains</a></p>



<p><a href="https://www.youtube.com/channel/UCWsPptxhLaTv8ATmceTOTog">Frère Paul-Adrien &#8211; YouTube</a></p>

<p>KTO, la chaine catholique https://www.ktotv.com/articles Les homélies de Mgr Aupetit https://www.paris.catholique.fr/-homelies-5403-.html Jardinier de Dieu, blog catholique http://jardinierdedieu.fr/ Le Collège des Bernardins https://www.collegedesbernardins.fr La Croix, journal quotidien catholique https://www.la-croix.com/ Un peu de philo? des heures de conférencs gratuites avec Bertrand Vergely</p>

<!-- This site is optimized with the Yoast SEO plugin v27.3 - https://yoast.com/product/yoast-seo-wordpress/ -->
<title>Nos médias favoris -</title>
<meta name="description" content="groupement paroissial de Beaugency - Meung sur Loire" />
<meta name="robots" content="index, follow, max-snippet:-1, max-image-preview:large, max-video-preview:-1" />
<link rel="canonical" href="https://www.dvo45.fr/index.php/prier-et-celebrer/nos-favoris/" />
<meta property="og:locale" content="fr_FR" />
<meta property="og:type" content="article" />
<meta property="og:title" content="Nos médias favoris -" />
<meta property="og:description" content="groupement paroissial de Beaugency - Meung sur Loire" />
<meta property="og:url" content="https://www.dvo45.fr/index.php/prier-et-celebrer/nos-favoris/" />
<meta property="article:publisher" content="https://www.facebook.com/Le-groupe-paroissial-de-Beaugency-Meung-sur-loire-135382090421585" />
<meta property="article:modified_time" content="2025-07-19T16:34:46+00:00" />
<meta name="twitter:card" content="summary_large_image" />
<meta name="twitter:label1" content="Durée de lecture estimée" />
	<meta name="twitter:data1" content="1 minute" />
<script type="application/ld+json" class="yoast-schema-graph">{"@context":"https:\/\/schema.org","@graph":[{"@type":"WebPage","@id":"https:\/\/www.dvo45.fr\/index.php\/prier-et-celebrer\/nos-favoris\/","url":"https:\/\/www.dvo45.fr\/index.php\/prier-et-celebrer\/nos-favoris\/","name":"Nos médias favoris -","isPartOf":{"@id":"https:\/\/www.dvo45.fr\/#website"},"datePublished":"2020-03-09T16:23:24+00:00","dateModified":"2025-07-19T16:34:46+00:00","description":"groupement paroissial de Beaugency - Meung sur Loire","breadcrumb":{"@id":"https:\/\/www.dvo45.fr\/index.php\/prier-et-celebrer\/nos-favoris\/#breadcrumb"},"inLanguage":"fr-FR","potentialAction":[{"@type":"ReadAction","target":["https:\/\/www.dvo45.fr\/index.php\/prier-et-celebrer\/nos-favoris\/"]}]},{"@type":"BreadcrumbList","@id":"https:\/\/www.dvo45.fr\/index.php\/prier-et-celebrer\/nos-favoris\/#breadcrumb","itemListElement":[{"@type":"ListItem","position":1,"name":"Accueil","item":"https:\/\/www.dvo45.fr\/"},{"@type":"ListItem","position":2,"name":"PRIER ET CELEBRER","item":"https:\/\/www.dvo45.fr\/index.php\/prier-et-celebrer\/"},{"@type":"ListItem","position":3,"name":"Nos médias favoris"}]},{"@type":"WebSite","@id":"https:\/\/www.dvo45.fr\/#website","url":"https:\/\/www.dvo45.fr\/","name":"","description":"Contactez nous au : 02-38-45-28-93","publisher":{"@id":"https:\/\/www.dvo45.fr\/#organization"},"potentialAction":[{"@type":"SearchAction","target":{"@type":"EntryPoint","urlTemplate":"https:\/\/www.dvo45.fr\/?s={search_term_string}"},"query-input":{"@type":"PropertyValueSpecification","valueRequired":true,"valueName":"search_term_string"}}],"inLanguage":"fr-FR"},{"@type":"Organization","@id":"https:\/\/www.dvo45.fr\/#organization","name":"Groupement Paroissial de Beaugency-Meung\/Loire","url":"https:\/\/www.dvo45.fr\/","logo":{"@type":"ImageObject","inLanguage":"fr-FR","@id":"https:\/\/www.dvo45.fr\/#\/schema\/logo\/image\/","url":"https:\/\/www.dvo45.fr\/wp-content\/uploads\/2020\/11\/GROUPEMENT-PAROISSIAL-logo360x360.jpg","contentUrl":"https:\/\/www.dvo45.fr\/wp-content\/uploads\/2020\/11\/GROUPEMENT-PAROISSIAL-logo360x360.jpg","width":360,"height":360,"caption":"Groupement Paroissial de Beaugency-Meung\/Loire"},"image":{"@id":"https:\/\/www.dvo45.fr\/#\/schema\/logo\/image\/"},"sameAs":["https:\/\/www.facebook.com\/Le-groupe-paroissial-de-Beaugency-Meung-sur-loire-135382090421585","https:\/\/www.youtube.com\/channel\/UCQuQV3-lctEa6-fnRMjXZeQ"]}]}</script>
<!-- / Yoast SEO plugin. -->

Nos médias favoris -
