{"id":25121,"date":"2020-11-13T12:04:36","date_gmt":"2020-11-13T12:04:36","guid":{"rendered":"https:\/\/www.dvo45.fr\/?page_id=25121"},"modified":"2026-04-15T16:45:47","modified_gmt":"2026-04-15T16:45:47","slug":"accueil-2","status":"publish","type":"page","link":"https:\/\/www.dvo45.fr\/index.php\/accueil-2\/","title":{"rendered":"NOTRE ACTUALITE"},"content":{"rendered":"\n<h2 class=\"wp-block-heading\">Halte spirituelle 25 avril 2026<\/h2>\n\n\n\n<figure class=\"wp-block-image size-large is-resized\"><img loading=\"lazy\" decoding=\"async\" width=\"724\" height=\"1024\" src=\"https:\/\/www.dvo45.fr\/wp-content\/uploads\/2026\/04\/affiche-halte-spi-25-avril-2026-1-724x1024.jpg\" alt=\"\" class=\"wp-image-28824\" style=\"width:478px;height:auto\" srcset=\"https:\/\/www.dvo45.fr\/wp-content\/uploads\/2026\/04\/affiche-halte-spi-25-avril-2026-1-724x1024.jpg 724w, https:\/\/www.dvo45.fr\/wp-content\/uploads\/2026\/04\/affiche-halte-spi-25-avril-2026-1-212x300.jpg 212w, https:\/\/www.dvo45.fr\/wp-content\/uploads\/2026\/04\/affiche-halte-spi-25-avril-2026-1-768x1086.jpg 768w, https:\/\/www.dvo45.fr\/wp-content\/uploads\/2026\/04\/affiche-halte-spi-25-avril-2026-1-1086x1536.jpg 1086w, https:\/\/www.dvo45.fr\/wp-content\/uploads\/2026\/04\/affiche-halte-spi-25-avril-2026-1-1448x2048.jpg 1448w, https:\/\/www.dvo45.fr\/wp-content\/uploads\/2026\/04\/affiche-halte-spi-25-avril-2026-1.jpg 1587w\" sizes=\"auto, (max-width: 724px) 100vw, 724px\" \/><\/figure>\n\n\n\n<div data-wp-interactive=\"core\/file\" class=\"wp-block-file\"><object data-wp-bind--hidden=\"!state.hasPdfPreview\" hidden class=\"wp-block-file__embed\" data=\"https:\/\/www.dvo45.fr\/wp-content\/uploads\/2026\/04\/Halte-spirituelle-25-avril-2026.pdf\" type=\"application\/pdf\" style=\"width:100%;height:510px\" aria-label=\"Contenu embarqu\u00e9 Halte spirituelle 25 avril 2026.\"><\/object><a id=\"wp-block-file--media-2b42e331-708e-4b2f-8b7a-7bceec7f0e2d\" href=\"https:\/\/www.dvo45.fr\/wp-content\/uploads\/2026\/04\/Halte-spirituelle-25-avril-2026.pdf\">Halte spirituelle 25 avril 2026<\/a><a href=\"https:\/\/www.dvo45.fr\/wp-content\/uploads\/2026\/04\/Halte-spirituelle-25-avril-2026.pdf\" class=\"wp-block-file__button wp-element-button\" download aria-describedby=\"wp-block-file--media-2b42e331-708e-4b2f-8b7a-7bceec7f0e2d\">T\u00e9l\u00e9charger<\/a><\/div>\n\n\n\n<p> <\/p>\n\n\n\n<h2 class=\"wp-block-heading\">Progamme halte spirituel<\/h2>\n\n\n\n<h2 class=\"wp-block-heading\">Dans le temps spirituel, retrouvez chaque mois, le Magazine dioc\u00e9sain,<\/h2>\n\n\n\n<p class=\"has-text-align-center\"> Une \u00e2me en temps libre qui vous emm\u00e8ne \u00e0 la d\u00e9couverte d&rsquo;une \u00e9glise du Loiret<\/p>\n\n\n\n<p class=\"has-text-align-center\">et l&rsquo;\u00e9mission Corps et \u00e2me qui parle de foi et de sant\u00e9.<\/p>\n\n\n\n<p class=\"has-text-align-center\"><a href=\"https:\/\/www.calameo.com\/read\/004624130caacbaf4bbe3\" target=\"_blank\" rel=\"noreferrer noopener\">Je visualise<\/a><\/p>\n\n\n\n<h2 class=\"wp-block-heading\"><\/h2>\n\n\n\n<p class=\"has-text-align-center\">. . . <\/p>\n\n\n\n<hr class=\"wp-block-separator has-css-opacity is-style-dots\"\/>\n\n\n\n<h4 class=\"wp-block-heading has-text-align-center\" id=\"horaires-de-votre-cip\"><strong><mark style=\"background-color:rgba(0, 0, 0, 0)\" class=\"has-inline-color has-luminous-vivid-amber-color\">Horaires de votre CIP<\/mark><\/strong><\/h4>\n\n\n\n<p><\/p>\n\n\n\n<figure class=\"wp-block-image aligncenter size-large\"><img loading=\"lazy\" decoding=\"async\" width=\"346\" height=\"318\" src=\"https:\/\/www.dvo45.fr\/wp-content\/uploads\/2021\/02\/horaire-cip-e1619521564109.jpg\" alt=\"\" class=\"wp-image-25619\" srcset=\"https:\/\/www.dvo45.fr\/wp-content\/uploads\/2021\/02\/horaire-cip-e1619521564109.jpg 346w, https:\/\/www.dvo45.fr\/wp-content\/uploads\/2021\/02\/horaire-cip-e1619521564109-300x276.jpg 300w\" sizes=\"auto, (max-width: 346px) 100vw, 346px\" \/><\/figure>\n\n\n\n<p class=\"has-text-align-center has-cyan-bluish-gray-color has-text-color has-large-font-size\"><\/p>\n\n\n\n<hr class=\"wp-block-separator has-css-opacity\"\/>\n\n\n\n<p><\/p>\n\n\n\n<hr class=\"wp-block-separator has-css-opacity\"\/>\n\n\n\n<p><\/p>\n","protected":false},"excerpt":{"rendered":"<p>Halte spirituelle 25 avril 2026 Progamme halte spirituel Dans le temps spirituel, retrouvez chaque mois, le Magazine dioc\u00e9sain, Une \u00e2me en temps libre qui vous emm\u00e8ne \u00e0 la d\u00e9couverte d&rsquo;une \u00e9glise du Loiret et l&rsquo;\u00e9mission Corps et \u00e2me qui parle<\/p>\n","protected":false},"author":1,"featured_media":0,"parent":0,"menu_order":0,"comment_status":"closed","ping_status":"closed","template":"","meta":{"footnotes":""},"class_list":["post-25121","page","type-page","status-publish","hentry"],"yoast_head":"<!-- This site is optimized with the Yoast SEO plugin v27.3 - https:\/\/yoast.com\/product\/yoast-seo-wordpress\/ -->\n<title>NOTRE ACTUALITE - Beaugency Meung sur Loire<\/title>\n<meta name=\"description\" content=\"groupement paroissial de Beaugency - Meung sur Loire toutes nos actualit\u00e9s, dates importantes, articles int\u00e9ressants \u00e0 vous partager.\" \/>\n<meta name=\"robots\" content=\"index, follow, max-snippet:-1, max-image-preview:large, max-video-preview:-1\" \/>\n<link rel=\"canonical\" href=\"https:\/\/www.dvo45.fr\/index.php\/accueil-2\/\" \/>\n<meta property=\"og:locale\" content=\"fr_FR\" \/>\n<meta property=\"og:type\" content=\"article\" \/>\n<meta property=\"og:title\" content=\"NOTRE ACTUALITE - Beaugency Meung sur Loire\" \/>\n<meta property=\"og:description\" content=\"groupement paroissial de Beaugency - Meung sur Loire toutes nos actualit\u00e9s, dates importantes, articles int\u00e9ressants \u00e0 vous partager.\" \/>\n<meta property=\"og:url\" content=\"https:\/\/www.dvo45.fr\/index.php\/accueil-2\/\" \/>\n<meta property=\"article:publisher\" content=\"https:\/\/www.facebook.com\/Le-groupe-paroissial-de-Beaugency-Meung-sur-loire-135382090421585\" \/>\n<meta property=\"article:modified_time\" content=\"2026-04-15T16:45:47+00:00\" \/>\n<meta property=\"og:image\" content=\"https:\/\/www.dvo45.fr\/wp-content\/uploads\/2026\/04\/affiche-halte-spi-25-avril-2026-1.jpg\" \/>\n\t<meta property=\"og:image:width\" content=\"1587\" \/>\n\t<meta property=\"og:image:height\" content=\"2245\" \/>\n\t<meta property=\"og:image:type\" content=\"image\/jpeg\" \/>\n<meta name=\"twitter:card\" content=\"summary_large_image\" \/>\n<meta name=\"twitter:label1\" content=\"Dur\u00e9e de lecture estim\u00e9e\" \/>\n\t<meta name=\"twitter:data1\" content=\"1 minute\" \/>\n<script type=\"application\/ld+json\" class=\"yoast-schema-graph\">{\"@context\":\"https:\\\/\\\/schema.org\",\"@graph\":[{\"@type\":\"WebPage\",\"@id\":\"https:\\\/\\\/www.dvo45.fr\\\/index.php\\\/accueil-2\\\/\",\"url\":\"https:\\\/\\\/www.dvo45.fr\\\/index.php\\\/accueil-2\\\/\",\"name\":\"NOTRE ACTUALITE - Beaugency Meung sur Loire\",\"isPartOf\":{\"@id\":\"https:\\\/\\\/www.dvo45.fr\\\/#website\"},\"primaryImageOfPage\":{\"@id\":\"https:\\\/\\\/www.dvo45.fr\\\/index.php\\\/accueil-2\\\/#primaryimage\"},\"image\":{\"@id\":\"https:\\\/\\\/www.dvo45.fr\\\/index.php\\\/accueil-2\\\/#primaryimage\"},\"thumbnailUrl\":\"https:\\\/\\\/www.dvo45.fr\\\/wp-content\\\/uploads\\\/2026\\\/04\\\/affiche-halte-spi-25-avril-2026-1-724x1024.jpg\",\"datePublished\":\"2020-11-13T12:04:36+00:00\",\"dateModified\":\"2026-04-15T16:45:47+00:00\",\"description\":\"groupement paroissial de Beaugency - Meung sur Loire toutes nos actualit\u00e9s, dates importantes, articles int\u00e9ressants \u00e0 vous partager.\",\"breadcrumb\":{\"@id\":\"https:\\\/\\\/www.dvo45.fr\\\/index.php\\\/accueil-2\\\/#breadcrumb\"},\"inLanguage\":\"fr-FR\",\"potentialAction\":[{\"@type\":\"ReadAction\",\"target\":[\"https:\\\/\\\/www.dvo45.fr\\\/index.php\\\/accueil-2\\\/\"]}]},{\"@type\":\"ImageObject\",\"inLanguage\":\"fr-FR\",\"@id\":\"https:\\\/\\\/www.dvo45.fr\\\/index.php\\\/accueil-2\\\/#primaryimage\",\"url\":\"https:\\\/\\\/www.dvo45.fr\\\/wp-content\\\/uploads\\\/2026\\\/04\\\/affiche-halte-spi-25-avril-2026-1.jpg\",\"contentUrl\":\"https:\\\/\\\/www.dvo45.fr\\\/wp-content\\\/uploads\\\/2026\\\/04\\\/affiche-halte-spi-25-avril-2026-1.jpg\",\"width\":1587,\"height\":2245},{\"@type\":\"BreadcrumbList\",\"@id\":\"https:\\\/\\\/www.dvo45.fr\\\/index.php\\\/accueil-2\\\/#breadcrumb\",\"itemListElement\":[{\"@type\":\"ListItem\",\"position\":1,\"name\":\"Accueil\",\"item\":\"https:\\\/\\\/www.dvo45.fr\\\/\"},{\"@type\":\"ListItem\",\"position\":2,\"name\":\"NOTRE ACTUALITE\"}]},{\"@type\":\"WebSite\",\"@id\":\"https:\\\/\\\/www.dvo45.fr\\\/#website\",\"url\":\"https:\\\/\\\/www.dvo45.fr\\\/\",\"name\":\"\",\"description\":\"Contactez nous au : 02-38-45-28-93\",\"publisher\":{\"@id\":\"https:\\\/\\\/www.dvo45.fr\\\/#organization\"},\"potentialAction\":[{\"@type\":\"SearchAction\",\"target\":{\"@type\":\"EntryPoint\",\"urlTemplate\":\"https:\\\/\\\/www.dvo45.fr\\\/?s={search_term_string}\"},\"query-input\":{\"@type\":\"PropertyValueSpecification\",\"valueRequired\":true,\"valueName\":\"search_term_string\"}}],\"inLanguage\":\"fr-FR\"},{\"@type\":\"Organization\",\"@id\":\"https:\\\/\\\/www.dvo45.fr\\\/#organization\",\"name\":\"Groupement Paroissial de Beaugency-Meung\\\/Loire\",\"url\":\"https:\\\/\\\/www.dvo45.fr\\\/\",\"logo\":{\"@type\":\"ImageObject\",\"inLanguage\":\"fr-FR\",\"@id\":\"https:\\\/\\\/www.dvo45.fr\\\/#\\\/schema\\\/logo\\\/image\\\/\",\"url\":\"https:\\\/\\\/www.dvo45.fr\\\/wp-content\\\/uploads\\\/2020\\\/11\\\/GROUPEMENT-PAROISSIAL-logo360x360.jpg\",\"contentUrl\":\"https:\\\/\\\/www.dvo45.fr\\\/wp-content\\\/uploads\\\/2020\\\/11\\\/GROUPEMENT-PAROISSIAL-logo360x360.jpg\",\"width\":360,\"height\":360,\"caption\":\"Groupement Paroissial de Beaugency-Meung\\\/Loire\"},\"image\":{\"@id\":\"https:\\\/\\\/www.dvo45.fr\\\/#\\\/schema\\\/logo\\\/image\\\/\"},\"sameAs\":[\"https:\\\/\\\/www.facebook.com\\\/Le-groupe-paroissial-de-Beaugency-Meung-sur-loire-135382090421585\",\"https:\\\/\\\/www.youtube.com\\\/channel\\\/UCQuQV3-lctEa6-fnRMjXZeQ\"]}]}<\/script>\n<!-- \/ Yoast SEO plugin. -->","yoast_head_json":{"title":"NOTRE ACTUALITE - Beaugency Meung sur Loire","description":"groupement paroissial de Beaugency - Meung sur Loire toutes nos actualit\u00e9s, dates importantes, articles int\u00e9ressants \u00e0 vous partager.","robots":{"index":"index","follow":"follow","max-snippet":"max-snippet:-1","max-image-preview":"max-image-preview:large","max-video-preview":"max-video-preview:-1"},"canonical":"https:\/\/www.dvo45.fr\/index.php\/accueil-2\/","og_locale":"fr_FR","og_type":"article","og_title":"NOTRE ACTUALITE - Beaugency Meung sur Loire","og_description":"groupement paroissial de Beaugency - Meung sur Loire toutes nos actualit\u00e9s, dates importantes, articles int\u00e9ressants \u00e0 vous partager.","og_url":"https:\/\/www.dvo45.fr\/index.php\/accueil-2\/","article_publisher":"https:\/\/www.facebook.com\/Le-groupe-paroissial-de-Beaugency-Meung-sur-loire-135382090421585","article_modified_time":"2026-04-15T16:45:47+00:00","og_image":[{"width":1587,"height":2245,"url":"https:\/\/www.dvo45.fr\/wp-content\/uploads\/2026\/04\/affiche-halte-spi-25-avril-2026-1.jpg","type":"image\/jpeg"}],"twitter_card":"summary_large_image","twitter_misc":{"Dur\u00e9e de lecture estim\u00e9e":"1 minute"},"schema":{"@context":"https:\/\/schema.org","@graph":[{"@type":"WebPage","@id":"https:\/\/www.dvo45.fr\/index.php\/accueil-2\/","url":"https:\/\/www.dvo45.fr\/index.php\/accueil-2\/","name":"NOTRE ACTUALITE - Beaugency Meung sur Loire","isPartOf":{"@id":"https:\/\/www.dvo45.fr\/#website"},"primaryImageOfPage":{"@id":"https:\/\/www.dvo45.fr\/index.php\/accueil-2\/#primaryimage"},"image":{"@id":"https:\/\/www.dvo45.fr\/index.php\/accueil-2\/#primaryimage"},"thumbnailUrl":"https:\/\/www.dvo45.fr\/wp-content\/uploads\/2026\/04\/affiche-halte-spi-25-avril-2026-1-724x1024.jpg","datePublished":"2020-11-13T12:04:36+00:00","dateModified":"2026-04-15T16:45:47+00:00","description":"groupement paroissial de Beaugency - Meung sur Loire toutes nos actualit\u00e9s, dates importantes, articles int\u00e9ressants \u00e0 vous partager.","breadcrumb":{"@id":"https:\/\/www.dvo45.fr\/index.php\/accueil-2\/#breadcrumb"},"inLanguage":"fr-FR","potentialAction":[{"@type":"ReadAction","target":["https:\/\/www.dvo45.fr\/index.php\/accueil-2\/"]}]},{"@type":"ImageObject","inLanguage":"fr-FR","@id":"https:\/\/www.dvo45.fr\/index.php\/accueil-2\/#primaryimage","url":"https:\/\/www.dvo45.fr\/wp-content\/uploads\/2026\/04\/affiche-halte-spi-25-avril-2026-1.jpg","contentUrl":"https:\/\/www.dvo45.fr\/wp-content\/uploads\/2026\/04\/affiche-halte-spi-25-avril-2026-1.jpg","width":1587,"height":2245},{"@type":"BreadcrumbList","@id":"https:\/\/www.dvo45.fr\/index.php\/accueil-2\/#breadcrumb","itemListElement":[{"@type":"ListItem","position":1,"name":"Accueil","item":"https:\/\/www.dvo45.fr\/"},{"@type":"ListItem","position":2,"name":"NOTRE ACTUALITE"}]},{"@type":"WebSite","@id":"https:\/\/www.dvo45.fr\/#website","url":"https:\/\/www.dvo45.fr\/","name":"","description":"Contactez nous au : 02-38-45-28-93","publisher":{"@id":"https:\/\/www.dvo45.fr\/#organization"},"potentialAction":[{"@type":"SearchAction","target":{"@type":"EntryPoint","urlTemplate":"https:\/\/www.dvo45.fr\/?s={search_term_string}"},"query-input":{"@type":"PropertyValueSpecification","valueRequired":true,"valueName":"search_term_string"}}],"inLanguage":"fr-FR"},{"@type":"Organization","@id":"https:\/\/www.dvo45.fr\/#organization","name":"Groupement Paroissial de Beaugency-Meung\/Loire","url":"https:\/\/www.dvo45.fr\/","logo":{"@type":"ImageObject","inLanguage":"fr-FR","@id":"https:\/\/www.dvo45.fr\/#\/schema\/logo\/image\/","url":"https:\/\/www.dvo45.fr\/wp-content\/uploads\/2020\/11\/GROUPEMENT-PAROISSIAL-logo360x360.jpg","contentUrl":"https:\/\/www.dvo45.fr\/wp-content\/uploads\/2020\/11\/GROUPEMENT-PAROISSIAL-logo360x360.jpg","width":360,"height":360,"caption":"Groupement Paroissial de Beaugency-Meung\/Loire"},"image":{"@id":"https:\/\/www.dvo45.fr\/#\/schema\/logo\/image\/"},"sameAs":["https:\/\/www.facebook.com\/Le-groupe-paroissial-de-Beaugency-Meung-sur-loire-135382090421585","https:\/\/www.youtube.com\/channel\/UCQuQV3-lctEa6-fnRMjXZeQ"]}]}},"_links":{"self":[{"href":"https:\/\/www.dvo45.fr\/index.php\/wp-json\/wp\/v2\/pages\/25121","targetHints":{"allow":["GET"]}}],"collection":[{"href":"https:\/\/www.dvo45.fr\/index.php\/wp-json\/wp\/v2\/pages"}],"about":[{"href":"https:\/\/www.dvo45.fr\/index.php\/wp-json\/wp\/v2\/types\/page"}],"author":[{"embeddable":true,"href":"https:\/\/www.dvo45.fr\/index.php\/wp-json\/wp\/v2\/users\/1"}],"replies":[{"embeddable":true,"href":"https:\/\/www.dvo45.fr\/index.php\/wp-json\/wp\/v2\/comments?post=25121"}],"version-history":[{"count":294,"href":"https:\/\/www.dvo45.fr\/index.php\/wp-json\/wp\/v2\/pages\/25121\/revisions"}],"predecessor-version":[{"id":28829,"href":"https:\/\/www.dvo45.fr\/index.php\/wp-json\/wp\/v2\/pages\/25121\/revisions\/28829"}],"wp:attachment":[{"href":"https:\/\/www.dvo45.fr\/index.php\/wp-json\/wp\/v2\/media?parent=25121"}],"curies":[{"name":"wp","href":"https:\/\/api.w.org\/{rel}","templated":true}]}}