{"id":25230,"date":"2020-11-17T12:22:51","date_gmt":"2020-11-17T12:22:51","guid":{"rendered":"https:\/\/www.dvo45.fr\/?page_id=25230"},"modified":"2026-04-08T16:48:31","modified_gmt":"2026-04-08T16:48:31","slug":"accueil-3","status":"publish","type":"page","link":"https:\/\/www.dvo45.fr\/","title":{"rendered":"ACCUEIL"},"content":{"rendered":"\n<h2 class=\"wp-block-heading\"><strong>Entit\u00e9 paroissiale Beaugency \/ Meung-sur-Loire<\/strong> &#8211; dioc\u00e8se d&rsquo;Orl\u00e9ans<\/h2>\n\n\n\n<p>Les pr\u00eatres, P\u00e8re Alain Nougayr\u00e8de et P\u00e8re Eric Rochetaillade, les diacres Jacques Mombazet et Jean-Marie Dubernet, l&rsquo;Equipe d&rsquo;Animation Pastorale (EAP), vous souhaitent la bienvenue sur le site internet de notre entit\u00e9 paroissiale, s&rsquo;appuyant sur ses 11 clochers.<\/p>\n\n\n\n<p>Une question, une interrogation, n&rsquo;h\u00e9sitez pas \u00e0 appeler notre bureau de coordination interparoissial (CIP) <\/p>\n\n\n\n<p>109 rue Abb\u00e9 Pasty 45130 Baule &#8211; 02 38 45 28 93 &#8211; groupementbeaugencymeung@gmail.com<\/p>\n\n\n\n<p><\/p>\n\n\n\n<figure class=\"wp-block-pullquote\"><blockquote><p>\u00ab&nbsp;Je sais qu&rsquo;il vient, le Messie, celui qu&rsquo;on appelle Christ. <br>Quand il viendra, c&rsquo;est lui qui nous fera conna\u00eetre toutes choses.&nbsp;&nbsp;\u00bb<mark style=\"background-color:#ffffff\" class=\"has-inline-color\"><strong> (Jn 4,&nbsp;25)<\/strong><\/mark><\/p><\/blockquote><\/figure>\n\n\n\n<div class=\"wp-block-columns is-layout-flex wp-container-core-columns-is-layout-28f84493 wp-block-columns-is-layout-flex\">\n<div class=\"wp-block-column is-layout-flow wp-block-column-is-layout-flow\" style=\"flex-basis:100%\"><\/div>\n<\/div>\n\n\n\n<hr class=\"wp-block-separator has-css-opacity is-style-dots\"\/>\n\n\n\n<h2 class=\"wp-block-heading\">Tous Fr\u00e8res : <a href=\"https:\/\/www.dvo45.fr\/wp-content\/uploads\/2026\/04\/TOUS-FRERES-du-5-au-26-avril-2026.pdf\" target=\"_blank\" rel=\"noreferrer noopener\">bulletin inter-paroissial <\/a><\/h2>\n\n\n\n<div class=\"wp-block-columns are-vertically-aligned-center is-layout-flex wp-container-core-columns-is-layout-28f84493 wp-block-columns-is-layout-flex\">\n<div class=\"wp-block-column is-layout-flow wp-block-column-is-layout-flow\" style=\"flex-basis:50%\">\n<figure class=\"wp-block-image aligncenter size-medium is-style-rounded\"><a href=\"https:\/\/www.dvo45.fr\/index.php\/accueil-2\/albums-souvenirs\/\"><img loading=\"lazy\" decoding=\"async\" width=\"300\" height=\"300\" src=\"https:\/\/www.dvo45.fr\/wp-content\/uploads\/2021\/02\/albums-souvenirs-1-300x300.jpg\" alt=\"\" class=\"wp-image-25591\" srcset=\"https:\/\/www.dvo45.fr\/wp-content\/uploads\/2021\/02\/albums-souvenirs-1-300x300.jpg 300w, https:\/\/www.dvo45.fr\/wp-content\/uploads\/2021\/02\/albums-souvenirs-1-150x150.jpg 150w, https:\/\/www.dvo45.fr\/wp-content\/uploads\/2021\/02\/albums-souvenirs-1-270x270.jpg 270w, https:\/\/www.dvo45.fr\/wp-content\/uploads\/2021\/02\/albums-souvenirs-1-230x230.jpg 230w, https:\/\/www.dvo45.fr\/wp-content\/uploads\/2021\/02\/albums-souvenirs-1.jpg 500w\" sizes=\"auto, (max-width: 300px) 100vw, 300px\" \/><\/a><\/figure>\n<\/div>\n<\/div>\n\n\n\n<hr class=\"wp-block-separator has-css-opacity is-style-dots\"\/>\n\n\n\n<p class=\"has-text-align-center\"><strong><mark style=\"background-color:rgba(0, 0, 0, 0)\" class=\"has-inline-color has-luminous-vivid-amber-color\">Tous les 2 mois, venez prendre lecture du journal Dioc\u00e9sain. <\/mark><\/strong><\/p>\n\n\n\n<p class=\"has-text-align-center\"><strong><mark style=\"background-color:rgba(0, 0, 0, 0)\" class=\"has-inline-color has-luminous-vivid-amber-color\">Retrouvez celui de f\u00e9vrier \/ mars 2026:<\/mark><\/strong><\/p>\n\n\n\n<p class=\"has-text-align-center\"><a href=\"https:\/\/www.calameo.com\/read\/004624130caacbaf4bbe3\" target=\"_blank\" rel=\"noreferrer noopener\">Je clique<\/a><\/p>\n\n\n\n<hr class=\"wp-block-separator has-css-opacity is-style-dots\"\/>\n\n\n\n<h2 class=\"wp-block-heading\" id=\"toutes-les-photos-de-nos-belles-eglises-du-groupement\">Toutes les photos de nos belles \u00e9glises du groupement :<\/h2>\n\n\n\n<figure class=\"wp-block-gallery has-nested-images columns-6 is-cropped wp-block-gallery-1 is-layout-flex wp-block-gallery-is-layout-flex\">\n<figure class=\"wp-block-image size-large\"><img loading=\"lazy\" decoding=\"async\" width=\"150\" height=\"150\" data-id=\"25221\" src=\"https:\/\/www.dvo45.fr\/wp-content\/uploads\/2020\/11\/beaugency-abbaye-sonia-baudu-150x150.jpg\" alt=\"\" class=\"wp-image-25221\" srcset=\"https:\/\/www.dvo45.fr\/wp-content\/uploads\/2020\/11\/beaugency-abbaye-sonia-baudu-150x150.jpg 150w, https:\/\/www.dvo45.fr\/wp-content\/uploads\/2020\/11\/beaugency-abbaye-sonia-baudu-270x270.jpg 270w, https:\/\/www.dvo45.fr\/wp-content\/uploads\/2020\/11\/beaugency-abbaye-sonia-baudu-230x230.jpg 230w\" sizes=\"auto, (max-width: 150px) 100vw, 150px\" \/><figcaption class=\"wp-element-caption\">Beaugency<\/figcaption><\/figure>\n\n\n\n<figure class=\"wp-block-image size-large\"><img loading=\"lazy\" decoding=\"async\" width=\"150\" height=\"150\" data-id=\"24987\" src=\"https:\/\/www.dvo45.fr\/wp-content\/uploads\/2020\/11\/villoreceau-150x150.jpg\" alt=\"\" class=\"wp-image-24987\"\/><figcaption class=\"wp-element-caption\">Villorceau<\/figcaption><\/figure>\n\n\n\n<figure class=\"wp-block-image size-large\"><img loading=\"lazy\" decoding=\"async\" width=\"150\" height=\"150\" data-id=\"24986\" src=\"https:\/\/www.dvo45.fr\/wp-content\/uploads\/2020\/11\/meung-150x150.jpg\" alt=\"\" class=\"wp-image-24986\"\/><figcaption class=\"wp-element-caption\">Meung<\/figcaption><\/figure>\n\n\n\n<figure class=\"wp-block-image size-large\"><img loading=\"lazy\" decoding=\"async\" width=\"150\" height=\"150\" data-id=\"24985\" src=\"https:\/\/www.dvo45.fr\/wp-content\/uploads\/2020\/11\/messas-150x150.jpg\" alt=\"\" class=\"wp-image-24985\"\/><figcaption class=\"wp-element-caption\">Messas<\/figcaption><\/figure>\n\n\n\n<figure class=\"wp-block-image size-large\"><img loading=\"lazy\" decoding=\"async\" width=\"150\" height=\"150\" data-id=\"24984\" src=\"https:\/\/www.dvo45.fr\/wp-content\/uploads\/2020\/11\/ILe_Bardon_-_Leglise-150x150.png\" alt=\"\" class=\"wp-image-24984\"\/><figcaption class=\"wp-element-caption\">Le Bardon<\/figcaption><\/figure>\n\n\n\n<figure class=\"wp-block-image size-large\"><img loading=\"lazy\" decoding=\"async\" width=\"150\" height=\"150\" data-id=\"24983\" src=\"https:\/\/www.dvo45.fr\/wp-content\/uploads\/2020\/11\/huisseau-150x150.jpg\" alt=\"\" class=\"wp-image-24983\"\/><figcaption class=\"wp-element-caption\">Huisseau<\/figcaption><\/figure>\n\n\n\n<figure class=\"wp-block-image size-large\"><img loading=\"lazy\" decoding=\"async\" width=\"150\" height=\"150\" data-id=\"24982\" src=\"https:\/\/www.dvo45.fr\/wp-content\/uploads\/2020\/11\/eglise-tavers-150x150.jpg\" alt=\"\" class=\"wp-image-24982\"\/><figcaption class=\"wp-element-caption\">Tavers<\/figcaption><\/figure>\n\n\n\n<figure class=\"wp-block-image size-large\"><img loading=\"lazy\" decoding=\"async\" width=\"150\" height=\"150\" data-id=\"24981\" src=\"https:\/\/www.dvo45.fr\/wp-content\/uploads\/2020\/11\/cravant-150x150.jpg\" alt=\"\" class=\"wp-image-24981\"\/><figcaption class=\"wp-element-caption\">Cravant<\/figcaption><\/figure>\n\n\n\n<figure class=\"wp-block-image size-large\"><img loading=\"lazy\" decoding=\"async\" width=\"150\" height=\"150\" data-id=\"24979\" src=\"https:\/\/www.dvo45.fr\/wp-content\/uploads\/2020\/11\/baccon-150x150.jpg\" alt=\"\" class=\"wp-image-24979\"\/><figcaption class=\"wp-element-caption\">Baccon<\/figcaption><\/figure>\n\n\n\n<figure class=\"wp-block-image size-large\"><img loading=\"lazy\" decoding=\"async\" width=\"150\" height=\"150\" data-id=\"24978\" src=\"https:\/\/www.dvo45.fr\/wp-content\/uploads\/2020\/11\/45-LAILLY-EN-VAL-leglise-150x150.jpg\" alt=\"\" class=\"wp-image-24978\"\/><figcaption class=\"wp-element-caption\">Lailly-en-Val<\/figcaption><\/figure>\n\n\n\n<figure class=\"wp-block-image size-large\"><img loading=\"lazy\" decoding=\"async\" width=\"150\" height=\"150\" data-id=\"24980\" src=\"https:\/\/www.dvo45.fr\/wp-content\/uploads\/2020\/11\/baule-150x150.jpg\" alt=\"\" class=\"wp-image-24980\"\/><figcaption class=\"wp-element-caption\">Baule<\/figcaption><\/figure>\n<figcaption class=\"blocks-gallery-caption wp-element-caption\">Pour connaitre les horaires des messes <a href=\"https:\/\/www.dvo45.fr\/index.php\/horaires-des-messes\/messes-3\/\">cl<\/a><a href=\"https:\/\/www.dvo45.fr\/index.php\/accueil-2\/messes-beaugency\/\">iquez-ici<\/a><\/figcaption><\/figure>\n\n\n\n<hr class=\"wp-block-separator has-css-opacity is-style-dots\"\/>\n\n\n\n<div class=\"wp-block-columns is-layout-flex wp-container-core-columns-is-layout-28f84493 wp-block-columns-is-layout-flex\">\n<div class=\"wp-block-column is-layout-flow wp-block-column-is-layout-flow\" style=\"flex-basis:50%\">\n<figure class=\"wp-block-image aligncenter size-large is-style-default\"><a href=\"https:\/\/jedonnealeglise.fr\/\" target=\"_blank\" rel=\"noopener noreferrer\"><img loading=\"lazy\" decoding=\"async\" width=\"228\" height=\"166\" src=\"https:\/\/www.dvo45.fr\/wp-content\/uploads\/2020\/11\/Capture.jpg\" alt=\"\" class=\"wp-image-25164\"\/><\/a><\/figure>\n<\/div>\n\n\n\n<div class=\"wp-block-column is-layout-flow wp-block-column-is-layout-flow\" style=\"flex-basis:50%\">\n<figure class=\"wp-block-image aligncenter size-medium is-resized is-style-default\"><a href=\"https:\/\/www.dvo45.fr\/index.php\/contact\/\"><img loading=\"lazy\" decoding=\"async\" width=\"300\" height=\"300\" src=\"https:\/\/www.dvo45.fr\/wp-content\/uploads\/2020\/11\/rejoignez-nous-300x300.jpg\" alt=\"\" class=\"wp-image-25281\" style=\"width:250px;height:250px\" srcset=\"https:\/\/www.dvo45.fr\/wp-content\/uploads\/2020\/11\/rejoignez-nous-300x300.jpg 300w, https:\/\/www.dvo45.fr\/wp-content\/uploads\/2020\/11\/rejoignez-nous-150x150.jpg 150w, https:\/\/www.dvo45.fr\/wp-content\/uploads\/2020\/11\/rejoignez-nous-270x270.jpg 270w, https:\/\/www.dvo45.fr\/wp-content\/uploads\/2020\/11\/rejoignez-nous-230x230.jpg 230w, https:\/\/www.dvo45.fr\/wp-content\/uploads\/2020\/11\/rejoignez-nous.jpg 500w\" sizes=\"auto, (max-width: 300px) 100vw, 300px\" \/><\/a><\/figure>\n<\/div>\n<\/div>\n\n\n\n<hr class=\"wp-block-separator has-css-opacity is-style-dots\"\/>\n\n\n\n<ul class=\"wp-block-social-links alignright is-layout-flex wp-block-social-links-is-layout-flex\">\n\n\n\n\n\n\n\n<\/ul>\n\n\n\n<h3 class=\"wp-block-heading has-text-align-center has-text-color has-large-font-size\" id=\"suivez-nous\" style=\"color:#fff309\">       Suivez-nous :<\/h3>\n\n\n\n<figure class=\"wp-block-image size-full\"><a href=\"https:\/\/www.instagram.com\/?hl=fr\"><img loading=\"lazy\" decoding=\"async\" width=\"235\" height=\"270\" src=\"https:\/\/www.dvo45.fr\/wp-content\/uploads\/2023\/07\/image.png\" alt=\"\" class=\"wp-image-27582\"\/><\/a><\/figure>\n\n\n\n<div class=\"wp-block-group alignwide is-layout-flow wp-block-group-is-layout-flow\">\n<div class=\"wp-block-columns alignwide are-vertically-aligned-center is-layout-flex wp-container-core-columns-is-layout-28f84493 wp-block-columns-is-layout-flex\">\n<div class=\"wp-block-column is-vertically-aligned-center is-layout-flow wp-block-column-is-layout-flow\">\n<figure class=\"wp-block-image size-large is-resized is-style-default\"><a href=\"https:\/\/www.youtube.com\/channel\/UCQuQV3-lctEa6-fnRMjXZeQ\/featured\" target=\"_blank\" rel=\"noopener noreferrer\"><img loading=\"lazy\" decoding=\"async\" width=\"512\" height=\"512\" src=\"https:\/\/www.dvo45.fr\/wp-content\/uploads\/2020\/11\/youtube.png\" alt=\"\" class=\"wp-image-25299\" style=\"width:180px;height:180px\" srcset=\"https:\/\/www.dvo45.fr\/wp-content\/uploads\/2020\/11\/youtube.png 512w, https:\/\/www.dvo45.fr\/wp-content\/uploads\/2020\/11\/youtube-300x300.png 300w, https:\/\/www.dvo45.fr\/wp-content\/uploads\/2020\/11\/youtube-150x150.png 150w, https:\/\/www.dvo45.fr\/wp-content\/uploads\/2020\/11\/youtube-270x270.png 270w, https:\/\/www.dvo45.fr\/wp-content\/uploads\/2020\/11\/youtube-230x230.png 230w\" sizes=\"auto, (max-width: 512px) 100vw, 512px\" \/><\/a><\/figure>\n\n\n\n<p><\/p>\n<\/div>\n\n\n\n<div class=\"wp-block-column is-vertically-aligned-center is-layout-flow wp-block-column-is-layout-flow\">\n<figure class=\"wp-block-image size-large is-resized is-style-default\"><a href=\"https:\/\/www.facebook.com\/profile.php?id=100092665587716\" target=\"_blank\" rel=\"noopener noreferrer\"><img loading=\"lazy\" decoding=\"async\" width=\"512\" height=\"512\" src=\"https:\/\/www.dvo45.fr\/wp-content\/uploads\/2020\/11\/facebook.png\" alt=\"\" class=\"wp-image-25300\" style=\"width:89px;height:89px\" srcset=\"https:\/\/www.dvo45.fr\/wp-content\/uploads\/2020\/11\/facebook.png 512w, https:\/\/www.dvo45.fr\/wp-content\/uploads\/2020\/11\/facebook-300x300.png 300w, https:\/\/www.dvo45.fr\/wp-content\/uploads\/2020\/11\/facebook-150x150.png 150w, https:\/\/www.dvo45.fr\/wp-content\/uploads\/2020\/11\/facebook-270x270.png 270w, https:\/\/www.dvo45.fr\/wp-content\/uploads\/2020\/11\/facebook-230x230.png 230w\" sizes=\"auto, (max-width: 512px) 100vw, 512px\" \/><\/a><\/figure>\n\n\n\n<p><\/p>\n<\/div>\n\n\n\n<div class=\"wp-block-column is-vertically-aligned-center is-layout-flow wp-block-column-is-layout-flow\">\n<div style=\"padding:38px\" class=\"wp-block-tnp-minimal\"><p>Inscrivez-vous \u00e0 notre newsletter et au journal TOUS FRERES<\/p><div><div class=\"tnp tnp-subscription \">\n<form method=\"post\" action=\"https:\/\/www.dvo45.fr\/wp-admin\/admin-ajax.php?action=tnp&amp;na=s\">\n<input type=\"hidden\" name=\"nlang\" value=\"\">\n<div class=\"tnp-field tnp-field-email\"><label for=\"tnp-1\">Email<\/label>\n<input class=\"tnp-email\" type=\"email\" name=\"ne\" id=\"tnp-1\" value=\"\" placeholder=\"\" required><\/div>\n<div class=\"tnp-field tnp-field-button\" style=\"text-align: left\"><input class=\"tnp-submit\" type=\"submit\" value=\"Je m&#039;abonne\" style=\"background-color:#f6ea05;\">\n<\/div>\n<\/form>\n<\/div>\n<\/div><\/div>\n\n\n\n<p><\/p>\n<\/div>\n<\/div>\n<\/div>\n\n\n\n<p><\/p>\n","protected":false},"excerpt":{"rendered":"<p>Entit\u00e9 paroissiale Beaugency \/ Meung-sur-Loire &#8211; dioc\u00e8se d&rsquo;Orl\u00e9ans Les pr\u00eatres, P\u00e8re Alain Nougayr\u00e8de et P\u00e8re Eric Rochetaillade, les diacres Jacques Mombazet et Jean-Marie Dubernet, l&rsquo;Equipe d&rsquo;Animation Pastorale (EAP), vous souhaitent la bienvenue sur le site internet de notre entit\u00e9 paroissiale,<\/p>\n","protected":false},"author":1,"featured_media":0,"parent":0,"menu_order":0,"comment_status":"closed","ping_status":"closed","template":"","meta":{"footnotes":""},"class_list":["post-25230","page","type-page","status-publish","hentry"],"yoast_head":"<!-- This site is optimized with the Yoast SEO plugin v27.3 - https:\/\/yoast.com\/product\/yoast-seo-wordpress\/ -->\n<title>ACCUEIL - Beaugency - Meung sur Loire<\/title>\n<meta name=\"description\" content=\"groupement paroissial de Beaugency - Meung sur Loire\" \/>\n<meta name=\"robots\" content=\"index, follow, max-snippet:-1, max-image-preview:large, max-video-preview:-1\" \/>\n<link rel=\"canonical\" href=\"https:\/\/www.dvo45.fr\/\" \/>\n<meta property=\"og:locale\" content=\"fr_FR\" \/>\n<meta property=\"og:type\" content=\"article\" \/>\n<meta property=\"og:title\" content=\"ACCUEIL - Beaugency - Meung sur Loire\" \/>\n<meta property=\"og:description\" content=\"groupement paroissial de Beaugency - Meung sur Loire\" \/>\n<meta property=\"og:url\" content=\"https:\/\/www.dvo45.fr\/\" \/>\n<meta property=\"article:publisher\" content=\"https:\/\/www.facebook.com\/Le-groupe-paroissial-de-Beaugency-Meung-sur-loire-135382090421585\" \/>\n<meta property=\"article:modified_time\" content=\"2026-04-08T16:48:31+00:00\" \/>\n<meta property=\"og:image\" content=\"https:\/\/www.dvo45.fr\/wp-content\/uploads\/2021\/02\/albums-souvenirs-1.jpg\" \/>\n\t<meta property=\"og:image:width\" content=\"500\" \/>\n\t<meta property=\"og:image:height\" content=\"500\" \/>\n\t<meta property=\"og:image:type\" content=\"image\/jpeg\" \/>\n<meta name=\"twitter:card\" content=\"summary_large_image\" \/>\n<meta name=\"twitter:label1\" content=\"Dur\u00e9e de lecture estim\u00e9e\" \/>\n\t<meta name=\"twitter:data1\" content=\"5 minutes\" \/>\n<script type=\"application\/ld+json\" class=\"yoast-schema-graph\">{\"@context\":\"https:\\\/\\\/schema.org\",\"@graph\":[{\"@type\":\"WebPage\",\"@id\":\"https:\\\/\\\/www.dvo45.fr\\\/\",\"url\":\"https:\\\/\\\/www.dvo45.fr\\\/\",\"name\":\"ACCUEIL - Beaugency - Meung sur Loire\",\"isPartOf\":{\"@id\":\"https:\\\/\\\/www.dvo45.fr\\\/#website\"},\"primaryImageOfPage\":{\"@id\":\"https:\\\/\\\/www.dvo45.fr\\\/#primaryimage\"},\"image\":{\"@id\":\"https:\\\/\\\/www.dvo45.fr\\\/#primaryimage\"},\"thumbnailUrl\":\"https:\\\/\\\/www.dvo45.fr\\\/wp-content\\\/uploads\\\/2021\\\/02\\\/albums-souvenirs-1-300x300.jpg\",\"datePublished\":\"2020-11-17T12:22:51+00:00\",\"dateModified\":\"2026-04-08T16:48:31+00:00\",\"description\":\"groupement paroissial de Beaugency - Meung sur Loire\",\"breadcrumb\":{\"@id\":\"https:\\\/\\\/www.dvo45.fr\\\/#breadcrumb\"},\"inLanguage\":\"fr-FR\",\"potentialAction\":[{\"@type\":\"ReadAction\",\"target\":[\"https:\\\/\\\/www.dvo45.fr\\\/\"]}]},{\"@type\":\"ImageObject\",\"inLanguage\":\"fr-FR\",\"@id\":\"https:\\\/\\\/www.dvo45.fr\\\/#primaryimage\",\"url\":\"https:\\\/\\\/www.dvo45.fr\\\/wp-content\\\/uploads\\\/2021\\\/02\\\/albums-souvenirs-1.jpg\",\"contentUrl\":\"https:\\\/\\\/www.dvo45.fr\\\/wp-content\\\/uploads\\\/2021\\\/02\\\/albums-souvenirs-1.jpg\",\"width\":500,\"height\":500},{\"@type\":\"BreadcrumbList\",\"@id\":\"https:\\\/\\\/www.dvo45.fr\\\/#breadcrumb\",\"itemListElement\":[{\"@type\":\"ListItem\",\"position\":1,\"name\":\"Accueil\",\"item\":\"https:\\\/\\\/www.dvo45.fr\\\/\"},{\"@type\":\"ListItem\",\"position\":2,\"name\":\"ACCUEIL\"}]},{\"@type\":\"WebSite\",\"@id\":\"https:\\\/\\\/www.dvo45.fr\\\/#website\",\"url\":\"https:\\\/\\\/www.dvo45.fr\\\/\",\"name\":\"\",\"description\":\"Contactez nous au : 02-38-45-28-93\",\"publisher\":{\"@id\":\"https:\\\/\\\/www.dvo45.fr\\\/#organization\"},\"potentialAction\":[{\"@type\":\"SearchAction\",\"target\":{\"@type\":\"EntryPoint\",\"urlTemplate\":\"https:\\\/\\\/www.dvo45.fr\\\/?s={search_term_string}\"},\"query-input\":{\"@type\":\"PropertyValueSpecification\",\"valueRequired\":true,\"valueName\":\"search_term_string\"}}],\"inLanguage\":\"fr-FR\"},{\"@type\":\"Organization\",\"@id\":\"https:\\\/\\\/www.dvo45.fr\\\/#organization\",\"name\":\"Groupement Paroissial de Beaugency-Meung\\\/Loire\",\"url\":\"https:\\\/\\\/www.dvo45.fr\\\/\",\"logo\":{\"@type\":\"ImageObject\",\"inLanguage\":\"fr-FR\",\"@id\":\"https:\\\/\\\/www.dvo45.fr\\\/#\\\/schema\\\/logo\\\/image\\\/\",\"url\":\"https:\\\/\\\/www.dvo45.fr\\\/wp-content\\\/uploads\\\/2020\\\/11\\\/GROUPEMENT-PAROISSIAL-logo360x360.jpg\",\"contentUrl\":\"https:\\\/\\\/www.dvo45.fr\\\/wp-content\\\/uploads\\\/2020\\\/11\\\/GROUPEMENT-PAROISSIAL-logo360x360.jpg\",\"width\":360,\"height\":360,\"caption\":\"Groupement Paroissial de Beaugency-Meung\\\/Loire\"},\"image\":{\"@id\":\"https:\\\/\\\/www.dvo45.fr\\\/#\\\/schema\\\/logo\\\/image\\\/\"},\"sameAs\":[\"https:\\\/\\\/www.facebook.com\\\/Le-groupe-paroissial-de-Beaugency-Meung-sur-loire-135382090421585\",\"https:\\\/\\\/www.youtube.com\\\/channel\\\/UCQuQV3-lctEa6-fnRMjXZeQ\"]}]}<\/script>\n<!-- \/ Yoast SEO plugin. -->","yoast_head_json":{"title":"ACCUEIL - Beaugency - Meung sur Loire","description":"groupement paroissial de Beaugency - Meung sur Loire","robots":{"index":"index","follow":"follow","max-snippet":"max-snippet:-1","max-image-preview":"max-image-preview:large","max-video-preview":"max-video-preview:-1"},"canonical":"https:\/\/www.dvo45.fr\/","og_locale":"fr_FR","og_type":"article","og_title":"ACCUEIL - Beaugency - Meung sur Loire","og_description":"groupement paroissial de Beaugency - Meung sur Loire","og_url":"https:\/\/www.dvo45.fr\/","article_publisher":"https:\/\/www.facebook.com\/Le-groupe-paroissial-de-Beaugency-Meung-sur-loire-135382090421585","article_modified_time":"2026-04-08T16:48:31+00:00","og_image":[{"width":500,"height":500,"url":"https:\/\/www.dvo45.fr\/wp-content\/uploads\/2021\/02\/albums-souvenirs-1.jpg","type":"image\/jpeg"}],"twitter_card":"summary_large_image","twitter_misc":{"Dur\u00e9e de lecture estim\u00e9e":"5 minutes"},"schema":{"@context":"https:\/\/schema.org","@graph":[{"@type":"WebPage","@id":"https:\/\/www.dvo45.fr\/","url":"https:\/\/www.dvo45.fr\/","name":"ACCUEIL - Beaugency - Meung sur Loire","isPartOf":{"@id":"https:\/\/www.dvo45.fr\/#website"},"primaryImageOfPage":{"@id":"https:\/\/www.dvo45.fr\/#primaryimage"},"image":{"@id":"https:\/\/www.dvo45.fr\/#primaryimage"},"thumbnailUrl":"https:\/\/www.dvo45.fr\/wp-content\/uploads\/2021\/02\/albums-souvenirs-1-300x300.jpg","datePublished":"2020-11-17T12:22:51+00:00","dateModified":"2026-04-08T16:48:31+00:00","description":"groupement paroissial de Beaugency - Meung sur Loire","breadcrumb":{"@id":"https:\/\/www.dvo45.fr\/#breadcrumb"},"inLanguage":"fr-FR","potentialAction":[{"@type":"ReadAction","target":["https:\/\/www.dvo45.fr\/"]}]},{"@type":"ImageObject","inLanguage":"fr-FR","@id":"https:\/\/www.dvo45.fr\/#primaryimage","url":"https:\/\/www.dvo45.fr\/wp-content\/uploads\/2021\/02\/albums-souvenirs-1.jpg","contentUrl":"https:\/\/www.dvo45.fr\/wp-content\/uploads\/2021\/02\/albums-souvenirs-1.jpg","width":500,"height":500},{"@type":"BreadcrumbList","@id":"https:\/\/www.dvo45.fr\/#breadcrumb","itemListElement":[{"@type":"ListItem","position":1,"name":"Accueil","item":"https:\/\/www.dvo45.fr\/"},{"@type":"ListItem","position":2,"name":"ACCUEIL"}]},{"@type":"WebSite","@id":"https:\/\/www.dvo45.fr\/#website","url":"https:\/\/www.dvo45.fr\/","name":"","description":"Contactez nous au : 02-38-45-28-93","publisher":{"@id":"https:\/\/www.dvo45.fr\/#organization"},"potentialAction":[{"@type":"SearchAction","target":{"@type":"EntryPoint","urlTemplate":"https:\/\/www.dvo45.fr\/?s={search_term_string}"},"query-input":{"@type":"PropertyValueSpecification","valueRequired":true,"valueName":"search_term_string"}}],"inLanguage":"fr-FR"},{"@type":"Organization","@id":"https:\/\/www.dvo45.fr\/#organization","name":"Groupement Paroissial de Beaugency-Meung\/Loire","url":"https:\/\/www.dvo45.fr\/","logo":{"@type":"ImageObject","inLanguage":"fr-FR","@id":"https:\/\/www.dvo45.fr\/#\/schema\/logo\/image\/","url":"https:\/\/www.dvo45.fr\/wp-content\/uploads\/2020\/11\/GROUPEMENT-PAROISSIAL-logo360x360.jpg","contentUrl":"https:\/\/www.dvo45.fr\/wp-content\/uploads\/2020\/11\/GROUPEMENT-PAROISSIAL-logo360x360.jpg","width":360,"height":360,"caption":"Groupement Paroissial de Beaugency-Meung\/Loire"},"image":{"@id":"https:\/\/www.dvo45.fr\/#\/schema\/logo\/image\/"},"sameAs":["https:\/\/www.facebook.com\/Le-groupe-paroissial-de-Beaugency-Meung-sur-loire-135382090421585","https:\/\/www.youtube.com\/channel\/UCQuQV3-lctEa6-fnRMjXZeQ"]}]}},"_links":{"self":[{"href":"https:\/\/www.dvo45.fr\/index.php\/wp-json\/wp\/v2\/pages\/25230","targetHints":{"allow":["GET"]}}],"collection":[{"href":"https:\/\/www.dvo45.fr\/index.php\/wp-json\/wp\/v2\/pages"}],"about":[{"href":"https:\/\/www.dvo45.fr\/index.php\/wp-json\/wp\/v2\/types\/page"}],"author":[{"embeddable":true,"href":"https:\/\/www.dvo45.fr\/index.php\/wp-json\/wp\/v2\/users\/1"}],"replies":[{"embeddable":true,"href":"https:\/\/www.dvo45.fr\/index.php\/wp-json\/wp\/v2\/comments?post=25230"}],"version-history":[{"count":182,"href":"https:\/\/www.dvo45.fr\/index.php\/wp-json\/wp\/v2\/pages\/25230\/revisions"}],"predecessor-version":[{"id":28821,"href":"https:\/\/www.dvo45.fr\/index.php\/wp-json\/wp\/v2\/pages\/25230\/revisions\/28821"}],"wp:attachment":[{"href":"https:\/\/www.dvo45.fr\/index.php\/wp-json\/wp\/v2\/media?parent=25230"}],"curies":[{"name":"wp","href":"https:\/\/api.w.org\/{rel}","templated":true}]}}